V/Λ SELECT: Month and Year
OR > Month
Monthly Climatological Summary for Jul 2022
Name: KomokaWeather City: Komoka State: ON Canada
Elevation: 817 ft Lat: N 42° 57' 36" Lon: W 081° 26' 17"
Temperature (°C), Rain (mm), Wind Speed (km/h)
Heat Cool Avg
Mean Deg Deg Wind Dom
Day Temp High Time Low Time Days Days Rain Speed High Time Dir
----------------------------------------------------------------------------------
01 21.9 27.7 13:21 15.7 05:36 0.4 4.0 3.8 1.5 21.4 14:39 NNW
02 20.7 27.6 17:33 12.2 05:38 1.0 3.3 0.0 2.9 27.8 14:39 WNW
03 20.4 27.8 17:40 10.9 05:43 1.4 3.5 0.0 1.5 21.4 16:25 NW
04 22.3 30.2 17:26 12.2 03:53 1.5 5.5 0.0 1.5 19.3 13:53 SW
05 23.1 28.7 16:14 18.2 23:58 0.0 4.7 3.4 3.5 32.1 14:19 NW
06 20.2 26.5 16:40 16.1 05:25 0.5 2.3 0.0 1.0 15.0 13:01 NNE
07 20.8 27.7 16:12 14.0 05:04 1.0 3.5 0.0 1.5 21.4 15:33 NW
08 21.2 28.2 14:40 14.1 06:00 1.1 3.9 0.0 1.9 23.5 14:15 NW
09 19.6 27.4 16:21 12.0 04:45 1.8 3.0 0.0 3.4 27.8 09:52 NNE
10 19.4 28.4 15:22 8.6 05:52 2.7 3.7 0.0 2.1 21.4 12:08 ENE
11 21.9 30.8 15:16 10.1 03:15 2.0 5.6 0.0 3.0 38.5 15:21 WSW
12 22.5 26.7 16:15 18.3 23:54 0.0 4.1 0.0 5.6 34.2 02:05 N
13 18.3 23.0 11:16 13.2 06:32 1.2 1.2 0.0 0.5 10.7 10:15 N
14 19.1 26.7 15:50 10.7 05:08 2.2 3.0 0.0 1.5 23.5 15:54 NNW
15 19.2 28.2 14:35 9.1 06:05 2.5 3.5 0.0 1.2 19.3 12:39 WSW
16 22.5 28.6 13:37 16.3 06:31 0.3 4.5 0.0 2.0 27.8 12:08 ESE
17 24.0 27.7 13:32 19.9 23:56 0.0 2.6 1.2 2.3 21.4 21:35 E
18 22.6 28.9 16:57 17.7 23:58 0.0 4.3 8.2 2.8 27.8 13:42 NNW
19 24.4 34.3 15:34 17.2 01:32 0.1 6.1 33.4 3.3 42.8 18:55 WNW
20 23.9 30.0 15:08 18.8 06:08 0.0 5.6 18.8 2.2 42.8 15:44 SSW
21 24.6 30.8 17:51 19.7 22:48 0.0 6.3 0.0 5.5 34.2 12:25 NW
22 24.4 30.9 15:02 16.3 06:25 0.3 6.4 0.0 2.2 30.0 14:14 WNW
23 23.6 30.3 17:34 16.6 06:04 0.1 5.4 0.0 1.3 23.5 15:03 WSW
24 23.8 28.7 17:15 19.7 01:44 0.0 5.5 4.0 3.1 42.8 21:19 WNW
25 20.0 23.7 16:10 16.1 23:57 0.3 2.0 0.0 2.6 27.8 11:10 N
26 19.4 26.6 15:38 12.7 06:08 1.6 2.7 0.0 0.6 15.0 11:37 WNW
27 20.0 24.5 11:22 14.3 06:38 1.0 2.7 0.6 0.3 10.7 11:59 N
28 23.5 27.8 14:16 19.8 04:14 0.0 5.2 0.2 4.6 36.4 13:35 WNW
29 20.5 26.9 15:54 12.3 06:36 1.0 3.2 0.0 2.4 30.0 12:48 NNW
30 20.3 26.4 16:53 13.6 04:47 0.8 2.9 0.0 1.8 30.0 12:38 NNW
31 21.1 27.8 13:29 13.9 05:51 1.0 3.8 0.0 1.2 17.1 14:44 SSE
----------------------------------------------------------------------------------
21.6 34.3 19 8.6 10 25.8 124.0 73.6 2.3 42.8 19 NW
Max >= 27.0 22
Max <= 0.0 0
Min <= 0.0 0
Min <= -18.0 0
Max Rain: 33.4 on day 19
Days of Rain: 9 (>= 0.2 mm) 6 (>= 2.0 mm) 1 (>= 20.0 mm)
Heat Base: 18.3 Cool Base: 18.3 Method: Integration