V/Λ SELECT: Month and Year
OR > Month
Monthly Climatological Summary for Sep 2022
Name: KomokaWeather City: Komoka State: ON Canada
Elevation: 817 ft Lat: N 42° 57' 36" Lon: W 081° 26' 17"
Temperature (°C), Rain (mm), Wind Speed (km/h)
Heat Cool Avg
Mean Deg Deg Wind Dom
Day Temp High Time Low Time Days Days Rain Speed High Time Dir
----------------------------------------------------------------------------------
01 18.3 25.9 16:28 10.3 07:13 2.2 2.2 0.0 1.3 25.7 13:45 W
02 19.5 26.7 14:56 13.3 05:51 1.7 2.9 0.0 1.2 19.3 11:00 SE
03 22.0 30.1 14:48 15.3 00:37 0.9 4.6 0.0 1.0 23.5 14:45 SSW
04 19.2 21.4 13:34 16.1 23:54 0.3 1.2 2.0 4.2 23.5 11:25 ENE
05 18.5 22.4 15:26 16.0 00:51 0.9 1.1 0.2 4.0 23.5 00:25 ENE
06 19.1 26.1 16:34 13.9 23:53 1.2 2.0 0.0 1.4 21.4 11:10 NNE
07 17.9 25.2 16:53 11.6 07:15 2.3 2.0 0.0 1.3 23.5 12:50 NE
08 18.4 26.9 16:53 10.3 06:55 2.3 2.4 0.0 0.9 17.1 13:30 E
09 18.2 26.7 14:03 10.7 06:04 2.6 2.6 0.0 0.9 17.1 11:55 SSE
10 20.6 28.7 13:06 13.3 02:53 1.4 3.7 0.0 1.4 21.4 14:20 SE
11 20.9 24.8 12:27 17.6 04:35 0.1 3.9 0.0 2.7 25.7 11:35 NNE
12 18.9 23.2 15:48 10.6 23:58 0.9 1.5 0.0 2.7 27.8 11:47 NW
13 13.9 21.3 16:16 9.9 04:33 6.9 0.4 14.8 0.8 21.4 12:25 NNE
14 17.4 23.1 12:10 12.4 23:58 2.1 1.2 0.0 2.3 30.0 12:15 NNW
15 12.9 20.4 16:17 7.3 07:14 8.2 0.2 0.0 1.4 23.5 13:18 ENE
16 17.2 27.2 15:53 8.7 06:39 3.6 2.6 0.0 0.9 17.1 11:46 W
17 19.3 26.4 14:17 13.6 02:34 1.3 2.3 0.0 1.2 19.3 14:19 SSE
18 22.0 28.3 16:33 17.3 00:57 0.1 3.8 0.0 1.6 27.8 16:43 W
19 19.7 24.9 13:00 13.2 23:59 0.6 2.0 8.4 2.0 34.2 07:55 NW
20 18.6 25.0 17:09 13.1 00:03 1.7 1.9 0.0 1.3 25.7 14:25 WNW
21 20.5 24.6 16:02 16.5 04:19 0.4 2.6 2.0 1.4 34.2 22:10 NW
22 12.5 18.0 00:00 7.7 23:13 5.8 0.0 8.4 4.2 36.4 08:40 NW
23 9.7 16.1 16:07 3.9 07:36 8.6 0.0 0.0 0.9 23.5 12:05 NW
24 11.2 16.1 12:16 5.9 06:32 7.0 0.0 0.2 0.3 17.1 10:55 E
25 14.3 17.5 13:35 10.6 23:51 4.0 0.0 2.0 2.7 30.0 13:35 WNW
26 11.4 14.4 13:44 8.9 03:51 6.9 0.0 8.8 6.4 40.7 10:20 W
27 11.1 14.0 15:22 10.1 07:59 7.2 0.0 8.8 5.9 36.4 16:15 WNW
28 10.9 14.8 12:07 8.6 04:19 7.4 0.0 0.2 0.7 23.5 19:50 N
29 10.8 16.9 16:16 5.2 23:54 7.4 0.0 0.0 0.4 21.4 14:00 ENE
30 10.5 19.7 16:59 3.9 07:12 7.4 0.0 3.4 1.3 19.3 10:34 ENE
----------------------------------------------------------------------------------
16.5 30.1 3 3.9 23 103.4 47.1 59.2 2.0 40.7 26 NNW
Max >= 27.0 4
Max <= 0.0 0
Min <= 0.0 0
Min <= -18.0 0
Max Rain: 14.8 on day 13
Days of Rain: 12 (>= 0.2 mm) 9 (>= 2.0 mm) 0 (>= 20.0 mm)
Heat Base: 18.3 Cool Base: 18.3 Method: Integration