V/Λ SELECT: Month and Year
OR > Month
Monthly Climatological Summary for Oct 2022
Name: KomokaWeather City: Komoka State: ON Canada
Elevation: 817 ft Lat: N 42° 57' 36" Lon: W 081° 26' 17"
Temperature (°C), Rain (mm), Wind Speed (km/h)
Heat Cool Avg
Mean Deg Deg Wind Dom
Day Temp High Time Low Time Days Days Rain Speed High Time Dir
----------------------------------------------------------------------------------
01 12.9 20.0 15:29 6.4 03:13 5.5 0.1 0.0 1.5 32.1 16:05 ENE
02 10.8 17.0 17:03 4.6 22:29 7.5 0.0 0.0 2.6 32.1 10:50 ENE
03 8.7 18.2 16:08 1.2 03:48 9.5 0.0 0.0 0.8 21.4 11:05 ENE
04 10.7 21.2 16:37 2.0 07:18 7.7 0.2 3.8 0.6 17.1 13:20 NW
05 13.2 24.6 16:20 4.7 07:05 6.3 1.1 0.0 0.5 17.1 14:20 NW
06 15.2 23.6 16:44 9.1 00:51 4.0 0.9 0.2 1.3 25.7 22:56 NW
07 8.6 11.9 01:43 4.7 22:48 9.5 0.0 1.2 2.4 27.8 15:39 NW
08 6.3 11.9 16:31 1.8 05:32 11.7 0.0 0.2 3.6 34.2 13:53 W
09 10.2 17.1 14:51 4.1 00:31 8.0 0.0 0.0 2.2 30.0 13:24 W
10 9.0 15.8 15:47 3.9 03:31 9.2 0.0 0.2 1.0 25.7 13:00 NW
11 13.3 22.9 15:29 3.7 02:49 5.7 0.9 0.0 1.7 27.8 12:32 W
12 16.5 19.6 15:08 13.3 03:15 1.9 0.1 4.6 1.5 19.3 16:54 S
13 10.0 15.3 00:00 3.3 22:38 8.1 0.0 0.2 1.9 30.0 15:16 W
14 7.1 13.4 13:57 -0.6 07:34 11.0 0.0 0.0 1.8 27.8 14:05 SW
15 8.9 14.1 04:45 3.1 00:00 9.3 0.0 0.4 5.5 49.2 10:35 W
16 7.9 14.4 16:27 0.6 02:45 10.3 0.0 0.0 0.9 25.7 14:04 WNW
17 6.1 8.8 16:04 1.9 20:14 12.0 0.0 3.8 4.8 38.5 15:21 W
18 3.8 5.3 00:51 2.3 12:19 14.3 0.0 16.0 6.8 42.8 12:27 W
19 3.3 5.3 13:06 1.4 06:22 14.8 0.0 18.0 3.9 34.2 12:22 NW
20 2.1 4.1 12:05 -1.8 23:29 16.0 0.0 1.8 1.3 30.0 00:21 W
21 7.4 16.4 16:57 -2.5 01:26 10.6 0.0 0.0 0.3 21.4 14:51 SSW
22 13.9 19.3 16:17 7.2 07:55 4.4 0.1 0.0 0.1 17.1 13:23 SSE
23 13.2 22.1 13:48 6.8 03:37 5.7 0.7 0.0 0.0 12.8 13:13 ENE
24 12.4 21.2 14:19 4.0 07:41 6.2 0.4 0.0 0.0 17.1 14:47 N
25 14.3 22.1 15:13 7.3 05:33 4.3 0.4 0.0 0.0 15.0 15:06 S
26 12.0 15.5 02:23 6.8 23:54 6.2 0.0 5.4 1.9 36.4 17:49 NW
27 6.8 11.3 15:33 1.2 23:58 11.3 0.0 0.0 0.3 27.8 01:39 NNW
28 5.7 12.6 15:53 0.3 00:45 12.4 0.0 0.0 2.5 21.4 11:38 ENE
29 6.1 16.1 14:55 -0.6 03:02 12.0 0.0 0.0 0.1 12.8 14:18 ESE
30 7.2 15.8 14:44 -0.2 07:22 11.0 0.0 0.0 0.3 15.0 13:33 ESE
31 11.8 14.9 16:14 5.3 00:30 6.2 0.0 12.6 0.0 21.4 19:59 W
----------------------------------------------------------------------------------
9.5 24.6 5 -2.5 21 272.6 4.9 68.4 1.7 49.2 15 WNW
Max >= 27.0 0
Max <= 0.0 0
Min <= 0.0 5
Min <= -18.0 0
Max Rain: 18.0 on day 19
Days of Rain: 14 (>= 0.2 mm) 7 (>= 2.0 mm) 0 (>= 20.0 mm)
Heat Base: 18.3 Cool Base: 18.3 Method: Integration