V/Λ SELECT: Month and Year
OR > Month
Monthly Climatological Summary for Nov 2022
Name: KomokaWeather City: Komoka State: ON Canada
Elevation: 817 ft Lat: N 42° 57' 36" Lon: W 081° 26' 17"
Temperature (°C), Rain (mm), Wind Speed (km/h)
Heat Cool Avg
Mean Deg Deg Wind Dom
Day Temp High Time Low Time Days Days Rain Speed High Time Dir
----------------------------------------------------------------------------------
01 12.2 17.8 15:16 4.9 23:26 5.9 0.0 0.2 0.2 21.4 15:25 NW
02 9.1 17.3 14:25 1.9 07:42 9.0 0.0 0.0 0.1 12.8 14:55 SSW
03 11.2 17.0 14:13 7.1 23:59 7.0 0.0 0.2 0.5 23.5 15:23 SSW
04 13.6 21.7 14:48 5.5 06:31 5.0 0.4 0.0 2.5 34.2 16:03 SSW
05 18.6 22.5 19:53 14.7 06:51 1.1 1.4 0.6 8.4 62.1 13:57 SSW
06 13.0 17.8 00:00 8.4 22:43 5.2 0.0 0.0 3.2 34.2 01:50 SW
07 8.0 12.3 00:26 0.9 23:44 10.1 0.0 0.0 4.7 36.4 09:48 WNW
08 4.5 10.6 14:03 -1.4 04:53 13.4 0.0 0.0 3.3 36.4 22:25 ENE
09 8.3 15.3 13:52 2.4 07:01 9.8 0.0 0.0 4.6 34.2 00:27 E
10 12.5 19.7 13:35 7.0 23:59 5.8 0.1 0.0 1.6 21.4 11:57 SSW
11 10.7 13.7 14:53 6.3 05:08 7.6 0.0 0.8 0.3 27.8 23:14 NNW
12 2.4 8.8 00:00 0.2 16:48 15.6 0.0 1.8 2.4 32.1 01:22 WNW
13 0.2 1.3 12:21 -1.1 22:52 17.9 0.0 6.4 2.7 32.1 06:54 WNW
14 0.0 3.3 13:25 -2.2 07:38 18.0 0.0 4.2 0.9 23.5 00:14 WNW
15 0.8 2.6 15:02 -0.4 10:32 17.0 0.0 0.6 9.4 40.7 13:15 ENE
16 0.2 1.2 14:55 -0.9 23:55 17.8 0.0 5.8 0.7 23.5 20:17 W
17 -1.3 1.1 14:52 -3.3 08:01 19.2 0.0 0.8 2.2 34.2 23:59 W
18 -1.9 -0.6 12:32 -4.3 23:57 19.8 0.0 0.2 5.7 36.4 18:59 W
19 -4.3 -2.4 15:42 -6.8 23:58 22.2 0.0 0.0 5.7 49.2 21:34 WSW
20 -7.3 -4.3 14:14 -9.9 21:12 25.1 0.0 0.0 6.9 40.7 05:14 W
21 -0.6 4.4 15:19 -9.4 02:09 18.7 0.0 0.6 4.0 47.1 15:01 WSW
22 -0.2 6.8 13:37 -7.7 06:24 18.2 0.0 0.4 0.9 25.7 12:54 WSW
23 0.4 9.5 13:46 -6.3 07:31 17.8 0.0 0.0 0.3 12.8 10:53 S
24 3.2 12.2 13:09 -3.7 02:12 14.9 0.0 1.0 1.0 23.5 11:49 SSW
25 3.9 6.9 04:08 -3.8 23:53 14.2 0.0 0.2 5.0 36.4 11:18 WNW
26 4.0 12.2 13:47 -3.7 00:07 14.0 0.0 0.0 1.7 27.8 15:34 SW
27 3.6 5.6 12:15 0.6 06:17 14.4 0.0 7.4 1.8 30.0 13:15 ENE
28 2.6 4.4 01:12 1.2 23:58 15.3 0.0 0.2 0.4 21.4 02:53 N
29 4.6 9.2 23:57 0.9 01:51 13.4 0.0 0.0 3.1 25.7 23:31 SE
30 3.4 11.4 04:02 -2.3 23:59 14.6 0.0 2.4 11.0 53.5 13:52 W
----------------------------------------------------------------------------------
4.5 22.5 5 -9.9 20 408.0 1.9 33.8 3.2 62.1 5 WSW
Max >= 27.0 0
Max <= 0.0 3
Min <= 0.0 16
Min <= -18.0 0
Max Rain: 7.4 on day 27
Days of Rain: 18 (>= 0.2 mm) 5 (>= 2.0 mm) 0 (>= 20.0 mm)
Heat Base: 18.3 Cool Base: 18.3 Method: Integration