V/Λ SELECT: Month and Year
OR > Month
Monthly Climatological Summary for Jan 2023
Name: KomokaWeather City: Komoka State: ON Canada
Elevation: 817 ft Lat: N 42° 57' 36" Lon: W 081° 26' 17"
Temperature (°C), Rain (mm), Wind Speed (km/h)
Heat Cool Avg
Mean Deg Deg Wind Dom
Day Temp High Time Low Time Days Days Rain Speed High Time Dir
----------------------------------------------------------------------------------
01 2.6 4.0 20:07 1.0 07:47 15.6 0.0 0.0 0.9 23.5 11:39 SSW
02 2.9 6.4 15:13 0.5 22:08 15.4 0.0 0.0 0.1 10.7 15:16 ENE
03 3.3 5.3 14:35 0.4 00:40 15.0 0.0 7.2 6.4 30.0 12:02 ENE
04 4.8 7.3 13:17 3.2 01:17 13.5 0.0 14.4 2.9 19.3 13:44 ENE
05 2.6 4.9 00:03 1.2 07:53 15.7 0.0 0.2 2.5 23.5 01:13 SW
06 1.2 2.4 13:52 0.5 07:29 17.1 0.0 0.4 2.3 21.4 09:27 W
07 -0.4 1.2 00:02 -3.4 22:59 18.7 0.0 0.0 2.7 23.5 16:09 NW
08 -2.3 -0.9 14:41 -3.4 00:03 20.6 0.0 0.0 0.9 21.4 23:57 W
09 -1.0 1.8 13:06 -4.3 07:55 19.3 0.0 0.0 3.5 32.1 13:43 W
10 0.6 3.2 12:38 -1.3 23:59 17.7 0.0 0.0 3.0 25.7 21:31 E
11 0.1 3.7 15:05 -2.3 07:00 18.1 0.0 0.0 6.5 27.8 09:05 E
12 2.3 3.7 09:55 0.3 23:45 16.0 0.0 2.8 2.8 30.0 22:05 NNE
13 -2.6 0.4 00:00 -4.7 23:57 20.9 0.0 0.0 7.7 34.2 06:40 N
14 -5.9 -1.7 14:26 -9.6 08:16 24.1 0.0 0.0 3.0 25.7 01:03 N
15 -5.4 1.3 14:01 -10.9 06:59 23.7 0.0 0.0 0.9 12.8 13:18 SE
16 -1.2 3.9 14:35 -5.9 04:52 19.5 0.0 2.8 3.0 19.3 10:42 ESE
17 4.1 9.3 13:37 0.8 00:16 14.2 0.0 3.6 4.7 42.8 21:08 SW
18 2.8 5.0 11:37 1.2 22:02 15.5 0.0 0.4 3.9 30.0 02:34 WNW
19 3.1 5.6 16:15 1.1 05:38 15.3 0.0 8.6 7.9 42.8 06:08 E
20 0.9 3.6 03:09 -1.3 23:51 17.4 0.0 4.6 5.1 25.7 13:39 NW
21 -1.0 -0.3 14:15 -1.6 03:36 19.3 0.0 0.0 1.6 15.0 19:16 W
22 -1.0 0.3 12:44 -3.4 23:34 19.3 0.0 0.2 0.6 15.0 01:54 S
23 -3.1 0.2 15:27 -8.2 07:38 21.4 0.0 0.0 2.4 34.2 21:51 W
24 -1.3 2.3 14:29 -5.6 23:36 19.6 0.0 0.4 4.9 34.2 08:51 W
25 -1.2 0.0 10:52 -5.4 00:00 19.5 0.0 0.0 7.4 36.4 11:37 ENE
26 -1.4 0.0 12:57 -3.3 21:45 19.7 0.0 0.2 4.5 27.8 05:29 WNW
27 -2.8 0.8 23:49 -5.2 09:43 21.1 0.0 0.0 8.2 40.7 18:54 SSW
28 -1.1 1.3 02:28 -3.2 20:11 19.3 0.0 0.0 5.3 51.4 04:18 W
29 -2.0 1.1 09:23 -5.9 23:55 19.8 0.0 0.2 3.4 23.5 00:14 NNE
30 -5.6 -2.6 12:24 -9.6 23:53 23.2 0.0 0.0 3.0 25.7 21:57 WNW
31 -11.3 -7.9 15:07 -16.7 23:59 29.0 0.0 0.0 3.0 27.8 01:33 WNW
----------------------------------------------------------------------------------
-0.6 9.3 17 -16.7 31 584.5 0.0 46.0 3.7 51.4 28 NNW
Max >= 27.0 0
Max <= 0.0 7
Min <= 0.0 21
Min <= -18.0 0
Max Rain: 14.4 on day 4
Days of Rain: 14 (>= 0.2 mm) 7 (>= 2.0 mm) 0 (>= 20.0 mm)
Heat Base: 18.3 Cool Base: 18.3 Method: Integration