V/Λ SELECT: Month and Year
OR > Month
Monthly Climatological Summary for Feb 2023
Name: KomokaWeather City: Komoka State: ON Canada
Elevation: 817 ft Lat: N 42° 57' 36" Lon: W 081° 26' 17"
Temperature (°C), Rain (mm), Wind Speed (km/h)
Heat Cool Avg
Mean Deg Deg Wind Dom
Day Temp High Time Low Time Days Days Rain Speed High Time Dir
----------------------------------------------------------------------------------
01 -10.2 -4.4 14:05 -17.1 00:30 28.5 0.0 0.0 2.8 27.8 12:30 WSW
02 -4.7 0.9 14:05 -9.5 01:25 23.0 0.0 0.0 6.8 47.1 18:50 W
03 -12.8 -9.4 00:00 -15.4 23:58 30.3 0.0 0.0 9.8 38.5 12:41 NW
04 -8.6 -0.4 23:51 -17.2 04:37 26.2 0.0 0.0 5.3 38.5 12:44 SSW
05 2.2 4.1 12:43 -0.7 00:15 15.7 0.0 6.6 5.0 27.8 13:33 WSW
06 -1.6 -0.4 00:00 -2.7 20:55 19.4 0.0 0.0 4.3 27.8 01:57 NNW
07 2.3 9.2 14:54 -2.4 00:00 15.5 0.0 0.0 7.6 32.1 09:08 SW
08 1.8 6.3 15:05 -2.1 07:56 16.1 0.0 0.0 1.9 19.3 00:08 W
09 4.1 9.5 18:53 -1.2 00:00 13.8 0.0 26.8 6.2 47.1 18:09 S
10 0.8 3.8 00:02 -2.4 23:45 17.0 0.0 0.8 9.4 44.9 00:58 WNW
11 -1.4 2.7 14:48 -3.6 07:41 19.2 0.0 0.0 5.2 30.0 01:25 WSW
12 0.3 8.6 15:23 -5.8 07:44 17.7 0.0 0.0 1.5 19.3 15:39 SW
13 0.9 8.9 13:59 -5.7 05:18 17.0 0.0 0.0 3.4 44.9 14:18 WNW
14 2.2 8.6 14:33 -5.7 06:52 15.6 0.0 0.2 3.2 25.7 14:52 S
15 9.9 14.8 14:49 4.4 23:51 8.2 0.0 0.0 10.7 57.8 13:58 SW
16 1.5 4.4 00:00 -0.9 22:30 16.4 0.0 1.6 4.2 21.4 11:03 NE
17 -5.4 -0.4 01:47 -11.3 23:42 23.2 0.0 0.0 6.4 32.1 13:15 NNW
18 -2.0 4.3 15:24 -11.3 00:00 19.9 0.0 0.2 4.7 38.5 12:34 WSW
19 4.5 9.3 16:23 -0.1 03:52 13.5 0.0 0.0 5.2 36.4 10:18 SSW
20 2.5 6.1 00:36 -3.1 23:52 15.5 0.0 0.0 2.0 23.5 10:38 NW
21 0.0 4.3 10:11 -2.9 00:00 17.9 0.0 0.0 7.2 51.4 10:18 WNW
22 -1.8 -0.7 11:12 -4.2 23:59 19.7 0.0 0.0 11.3 57.8 17:12 ENE
23 -2.5 2.1 21:47 -5.8 06:57 20.5 0.0 2.0 8.4 40.7 22:12 NNE
24 -6.6 0.7 00:00 -10.3 23:39 24.1 0.0 0.0 7.9 49.2 03:45 NW
25 -5.4 -0.5 15:51 -10.3 00:00 23.2 0.0 1.0 2.6 21.4 23:14 SE
26 -0.7 3.6 14:51 -6.3 23:08 18.7 0.0 4.0 5.2 34.2 10:12 WNW
27 -3.0 0.1 22:01 -7.9 03:46 20.5 0.0 0.0 11.3 51.4 15:32 E
28 -0.3 2.4 16:00 -4.1 21:38 18.4 0.0 7.2 3.1 30.0 06:39 WNW
----------------------------------------------------------------------------------
-1.2 14.8 15 -17.2 4 534.7 0.0 50.4 5.8 57.8 15 W
Max >= 27.0 0
Max <= 0.0 7
Min <= 0.0 27
Min <= -18.0 0
Max Rain: 26.8 on day 9
Days of Rain: 10 (>= 0.2 mm) 5 (>= 2.0 mm) 1 (>= 20.0 mm)
Heat Base: 18.3 Cool Base: 18.3 Method: Integration