V/Λ SELECT: Month and Year
OR > Month
Monthly Climatological Summary for Mar 2023
Name: KomokaWeather City: Komoka State: ON Canada
Elevation: 817 ft Lat: N 42° 57' 36" Lon: W 081° 26' 17"
Temperature (°C), Rain (mm), Wind Speed (km/h)
Heat Cool Avg
Mean Deg Deg Wind Dom
Day Temp High Time Low Time Days Days Rain Speed High Time Dir
----------------------------------------------------------------------------------
01 0.8 5.3 15:24 -2.4 03:35 17.3 0.0 7.4 3.9 32.1 10:15 E
02 -0.6 4.6 15:39 -5.8 06:02 18.5 0.0 4.0 1.8 21.4 15:47 NNW
03 -1.0 2.4 12:55 -5.1 01:15 19.0 0.0 0.0 11.9 55.7 19:03 ENE
04 0.7 4.0 15:47 -1.7 04:33 17.2 0.0 17.4 4.8 23.5 00:37 NNW
05 1.6 4.9 16:48 -3.8 23:51 16.3 0.0 0.8 2.8 21.4 07:49 NNW
06 -0.5 2.9 13:47 -4.9 01:17 18.5 0.0 0.0 8.4 40.7 14:35 ENE
07 -1.0 1.9 12:25 -3.9 06:38 18.9 0.0 0.6 5.1 30.0 13:56 N
08 -1.1 3.4 14:11 -4.2 23:59 18.9 0.0 0.0 5.0 27.8 09:38 N
09 -1.4 3.6 15:35 -7.4 06:58 19.3 0.0 0.0 2.1 19.3 12:29 NE
10 -1.1 -0.2 11:34 -2.8 22:36 19.1 0.0 3.8 9.3 40.7 11:38 ENE
11 -4.2 0.0 14:04 -9.4 23:56 22.1 0.0 0.2 3.0 23.5 14:25 N
12 -4.1 -0.4 17:46 -9.7 00:49 21.0 0.0 0.0 2.4 30.0 12:57 E
13 -2.0 1.7 14:13 -4.8 03:41 20.1 0.0 0.4 2.8 25.7 20:09 NNW
14 -4.3 -2.4 14:03 -5.8 23:56 22.0 0.0 0.4 7.0 36.4 12:57 NNW
15 -0.9 4.5 17:05 -7.0 06:30 19.2 0.0 0.0 2.6 21.4 14:25 WNW
16 4.2 10.8 15:30 -2.6 07:35 14.1 0.0 2.6 3.4 27.8 16:55 SSW
17 -0.1 0.4 20:25 -0.4 23:55 2.5 0.0 0.0 7.7 36.4 20:58 WNW
18 -3.3 -0.3 00:01 -6.6 23:25 21.2 0.0 0.0 10.0 44.9 14:10 W
19 -2.7 3.3 17:00 -6.8 02:45 20.4 0.0 0.0 9.8 49.2 00:00 W
20 1.9 7.1 14:59 -3.8 07:29 15.9 0.0 0.0 6.1 34.2 13:13 SW
21 5.8 11.3 14:36 1.3 07:37 12.4 0.0 0.0 3.3 27.8 14:55 SW
22 5.5 8.1 19:50 1.2 05:00 12.7 0.0 2.6 4.9 34.2 14:10 S
23 -1.0 0.0 21:17 -1.9 23:22 2.2 0.0 0.0 4.3 4.3 21:26 NW
24 1.6 6.8 16:42 -1.3 07:08 16.4 0.0 0.0 3.0 23.5 23:55 ENE
25 3.9 12.6 15:35 1.0 07:00 14.2 0.0 10.6 16.0 70.6 16:54 ESE
26 4.8 11.5 16:30 -0.1 07:36 13.3 0.0 0.0 7.0 42.8 00:09 WNW
27 3.1 4.4 00:50 1.2 23:55 14.9 0.0 7.6 3.8 25.7 07:10 NE
28 2.8 8.2 13:48 -1.2 23:09 15.2 0.0 0.0 2.6 21.4 13:33 NNW
29 0.2 7.4 12:05 -6.1 23:59 18.0 0.0 2.4 5.4 44.9 12:53 NW
30 -2.8 4.7 15:40 -10.7 07:00 20.9 0.0 1.0 3.9 34.2 16:20 S
31 4.4 9.9 21:20 -0.3 00:00 13.6 0.0 37.0 7.6 34.2 08:55 SE
----------------------------------------------------------------------------------
0.3 12.6 25 -10.7 30 515.3 0.0 98.8 5.5 70.6 25 N
Max >= 27.0 0
Max <= 0.0 6
Min <= 0.0 27
Min <= -18.0 0
Max Rain: 37.0 on day 31
Days of Rain: 16 (>= 0.2 mm) 10 (>= 2.0 mm) 1 (>= 20.0 mm)
Heat Base: 18.3 Cool Base: 18.3 Method: Integration