V/Λ SELECT: Month and Year
OR > Month
Monthly Climatological Summary for Apr 2023
Name: KomokaWeather City: Komoka State: ON Canada
Elevation: 817 ft Lat: N 42° 57' 36" Lon: W 081° 26' 17"
Temperature (°C), Rain (mm), Wind Speed (km/h)
Heat Cool Avg
Mean Deg Deg Wind Dom
Day Temp High Time Low Time Days Days Rain Speed High Time Dir
----------------------------------------------------------------------------------
01 6.9 13.7 11:53 -0.8 23:58 11.2 0.0 45.6 8.9 42.8 06:25 NW
02 -0.3 3.7 15:42 -4.2 07:20 18.4 0.0 0.0 7.1 27.8 17:46 SE
03 7.4 13.8 13:40 -0.9 02:51 10.9 0.0 4.2 4.1 30.0 10:36 SSW
04 9.0 13.3 15:00 6.3 07:15 9.1 0.0 31.6 7.0 47.1 20:48 E
05 12.4 20.0 14:23 6.9 05:06 5.8 0.0 11.4 10.8 44.9 19:46 SE
06 7.9 15.4 00:00 4.6 07:35 10.4 0.0 0.0 7.0 36.4 01:10 W
07 1.7 5.1 00:02 -2.4 22:45 16.2 0.0 0.0 5.4 27.8 00:09 NNW
08 2.6 11.0 18:05 -4.9 03:46 15.5 0.0 0.0 3.6 25.7 10:53 ESE
09 5.5 13.4 17:35 -2.1 06:35 12.8 0.0 0.0 3.1 23.5 13:55 SSE
10 8.6 19.1 15:04 -1.6 06:45 9.7 0.0 0.0 2.6 21.4 11:25 SSW
11 13.5 24.1 15:05 0.7 05:33 6.0 1.3 0.0 5.7 38.5 15:14 WNW
12 19.5 26.6 16:12 12.6 07:04 1.6 2.7 0.0 6.7 49.2 15:55 W
13 20.3 27.8 14:50 12.4 23:45 1.3 3.4 0.0 3.9 38.5 14:20 W
14 17.5 27.3 15:39 7.1 06:45 3.7 2.9 0.0 2.8 21.4 14:12 S
15 18.4 28.9 14:02 8.4 06:45 2.8 2.9 0.0 2.9 32.1 15:07 SE
16 15.4 26.0 14:48 7.8 23:58 4.4 1.6 9.0 7.5 36.4 14:48 S
17 4.0 7.8 00:00 1.4 22:40 13.9 0.0 3.2 7.3 42.8 13:30 SW
18 1.9 3.3 16:42 0.2 09:23 16.1 0.0 0.0 8.7 36.4 02:35 WNW
19 4.8 11.3 16:27 0.4 07:22 13.1 0.0 0.0 3.6 23.5 05:11 N
20 10.6 19.5 17:38 5.2 07:47 7.7 0.1 0.0 12.8 42.8 10:08 ESE
21 10.5 19.7 12:25 7.2 20:57 7.8 0.1 4.4 4.1 32.1 13:13 NE
22 7.4 12.3 15:55 5.0 23:54 10.8 0.0 21.4 3.2 38.5 17:37 NW
23 4.6 7.7 11:42 1.9 05:39 13.5 0.0 1.4 2.5 21.4 10:24 W
24 3.6 6.2 16:35 -0.9 23:58 14.6 0.0 0.2 3.0 23.5 12:27 NNW
25 3.6 8.8 10:41 -2.1 06:31 14.5 0.0 0.0 2.2 21.4 13:16 W
26 4.7 10.2 16:07 1.1 00:26 13.3 0.0 0.0 1.7 19.3 16:44 NW
27 7.1 13.4 17:34 -1.2 06:37 10.9 0.0 0.0 5.3 32.1 14:22 SE
28 9.3 13.2 14:42 5.5 02:07 8.9 0.0 10.2 14.4 47.1 20:25 E
29 9.5 11.4 16:32 7.7 21:51 8.3 0.0 1.6 8.6 32.1 01:03 SE
30 8.1 11.2 17:27 1.7 23:55 9.9 0.0 5.2 2.6 49.2 11:36 W
----------------------------------------------------------------------------------
8.5 28.9 15 -4.9 8 303.1 15.0 149.4 5.7 49.2 30 SSE
Max >= 27.0 3
Max <= 0.0 0
Min <= 0.0 10
Min <= -18.0 0
Max Rain: 45.6 on day 1
Days of Rain: 13 (>= 0.2 mm) 10 (>= 2.0 mm) 3 (>= 20.0 mm)
Heat Base: 18.3 Cool Base: 18.3 Method: Integration