V/Λ SELECT: Month and Year
OR > Month
Monthly Climatological Summary for May 2023
Name: KomokaWeather City: Komoka State: ON Canada
Elevation: 817 ft Lat: N 42° 57' 36" Lon: W 081° 26' 17"
Temperature (°C), Rain (mm), Wind Speed (km/h)
Heat Cool Avg
Mean Deg Deg Wind Dom
Day Temp High Time Low Time Days Days Rain Speed High Time Dir
----------------------------------------------------------------------------------
01 5.3 10.2 14:05 0.6 01:45 13.0 0.0 3.4 3.9 36.4 12:25 W
02 2.6 5.9 12:55 1.7 01:50 8.8 0.0 2.2 6.3 38.5 11:25 WNW
03 5.0 9.3 14:26 1.7 01:53 14.4 0.0 2.2 8.6 38.5 11:25 NNW
04 9.2 15.8 17:17 4.2 06:15 9.0 0.0 0.0 3.4 25.7 14:35 NW
05 9.3 18.0 15:58 1.1 05:16 9.0 0.0 0.0 3.5 23.5 18:00 E
06 13.0 20.6 16:39 3.8 05:49 5.6 0.3 0.0 4.1 27.8 14:45 ESE
07 15.4 21.5 15:41 10.7 23:54 3.1 0.2 0.0 5.1 30.0 11:40 ESE
08 14.3 22.0 14:44 8.3 06:16 4.4 0.5 0.0 3.2 30.0 12:15 N
09 13.2 19.3 15:53 7.4 22:59 5.1 0.1 0.0 3.3 27.8 09:35 NE
10 13.0 23.2 17:14 2.6 06:27 6.2 0.9 0.0 1.9 23.5 18:25 W
11 17.2 27.4 15:31 5.5 06:04 4.2 3.1 0.0 2.6 25.7 09:45 WSW
12 18.9 28.7 13:56 8.4 06:30 3.0 3.6 0.0 1.5 23.5 16:20 W
13 19.4 25.9 14:27 12.6 23:52 1.3 2.4 0.0 4.6 32.1 09:00 NE
14 13.4 18.8 13:40 8.6 06:38 5.0 0.0 0.0 4.3 25.7 08:16 NNE
15 13.1 22.3 15:43 2.1 06:08 6.1 0.9 0.0 2.0 23.5 14:46 NNW
16 15.7 25.2 15:51 6.3 06:08 4.1 1.5 0.0 4.8 36.4 14:17 NW
17 6.5 12.8 14:09 0.3 23:58 11.8 0.0 0.0 3.1 32.1 11:14 N
18 8.7 18.9 16:43 -2.1 05:55 9.6 0.0 0.0 3.6 21.4 18:01 SE
19 14.6 24.9 14:21 3.4 04:51 5.2 1.5 3.8 3.7 36.4 15:20 S
20 11.4 14.8 00:21 8.9 09:02 6.9 0.0 6.2 5.9 34.2 15:49 NW
21 15.5 23.7 17:03 7.9 05:07 4.2 1.4 0.0 4.0 25.7 10:41 NW
22 14.9 22.6 15:07 6.9 06:31 4.3 0.9 0.0 4.8 21.4 18:39 E
23 17.1 26.1 16:19 8.2 04:29 3.4 2.1 0.0 4.0 19.3 09:39 ESE
24 14.3 20.1 15:24 6.9 23:58 4.3 0.2 0.0 4.0 36.4 13:59 NNE
25 10.0 18.5 14:53 4.3 06:00 8.3 0.0 0.0 6.4 30.0 06:02 NE
26 12.7 23.4 15:43 1.9 06:05 6.5 0.9 0.0 2.6 25.7 14:29 NNE
27 15.8 26.8 16:54 3.3 04:58 5.0 2.6 0.0 2.7 21.4 14:33 E
28 19.3 29.8 16:03 8.4 05:57 2.8 3.8 0.0 2.4 23.5 18:03 NE
29 22.2 31.4 15:45 10.3 05:12 1.6 5.4 0.0 4.7 25.7 15:35 E
30 22.8 30.4 15:54 15.1 23:59 0.4 4.9 0.0 5.9 27.8 10:34 SE
31 21.6 31.1 15:35 11.8 05:54 1.7 5.0 0.0 3.5 23.5 11:29 SSE
----------------------------------------------------------------------------------
13.7 31.4 29 -2.1 18 178.2 42.3 17.8 3.9 38.5 2 NNE
Max >= 27.0 6
Max <= 0.0 0
Min <= 0.0 1
Min <= -18.0 0
Max Rain: 6.2 on day 20
Days of Rain: 5 (>= 0.2 mm) 5 (>= 2.0 mm) 0 (>= 20.0 mm)
Heat Base: 18.3 Cool Base: 18.3 Method: Integration