V/Λ SELECT: Month and Year
OR > Month
Monthly Climatological Summary for Jun 2023
Name: KomokaWeather City: Komoka State: ON Canada
Elevation: 817 ft Lat: N 42° 57' 36" Lon: W 081° 26' 17"
Temperature (°C), Rain (mm), Wind Speed (km/h)
Heat Cool Avg
Mean Deg Deg Wind Dom
Day Temp High Time Low Time Days Days Rain Speed High Time Dir
----------------------------------------------------------------------------------
01 23.1 33.0 16:38 12.6 02:27 1.4 6.3 0.0 2.8 21.4 17:03 ESE
02 24.8 33.2 15:27 15.0 05:30 0.5 6.9 0.0 2.8 25.7 13:28 N
03 22.0 28.1 11:42 15.5 23:52 0.2 3.9 0.0 8.5 40.7 14:03 ENE
04 17.7 25.8 16:59 9.9 06:15 2.6 2.0 0.0 6.8 36.4 13:29 ENE
05 17.4 25.4 15:56 9.7 02:00 2.9 2.1 0.0 2.2 23.5 17:42 NNW
06 16.6 23.2 13:25 10.9 23:55 2.8 1.1 0.0 4.2 36.4 16:15 N
07 14.6 22.1 12:15 8.1 05:25 4.3 0.6 0.0 4.2 38.5 14:40 N
08 15.5 21.3 14:28 10.2 05:10 3.2 0.4 0.0 3.0 27.8 15:36 NNW
09 16.5 23.9 16:56 9.1 05:08 3.2 1.5 0.0 3.9 30.0 12:36 NNW
10 18.1 28.1 16:00 7.8 04:41 3.2 3.1 0.0 2.9 25.7 16:55 WNW
11 17.8 23.6 13:04 14.6 23:49 1.6 1.1 6.0 3.1 32.1 22:50 ENE
12 13.6 15.3 18:49 12.0 11:02 4.7 0.0 15.6 5.6 44.9 11:39 NNW
13 12.7 17.4 09:53 8.3 23:53 5.6 0.0 13.2 4.0 27.8 11:26 S
14 13.3 19.7 14:23 7.6 01:58 5.1 0.1 0.2 3.7 30.0 15:55 NNW
15 15.3 22.4 12:35 7.9 01:00 3.6 0.6 3.0 1.0 21.4 12:37 NW
16 15.7 19.3 10:33 11.9 23:51 2.7 0.0 0.0 3.7 32.1 15:12 NNW
17 16.7 23.8 16:23 10.6 23:47 3.0 1.5 0.0 4.3 25.7 14:37 NNW
18 17.3 26.8 17:07 7.0 05:41 3.7 2.7 0.0 2.4 21.4 17:39 SSE
19 19.8 27.6 15:36 9.5 04:10 2.3 3.7 0.0 7.5 34.2 12:44 E
20 22.8 28.6 15:18 17.9 02:17 0.0 4.5 0.0 12.4 40.7 19:59 E
21 23.2 29.1 15:07 16.7 06:15 0.1 5.0 0.0 8.8 38.5 14:47 ENE
22 20.6 25.4 16:07 13.5 05:54 0.5 2.8 0.0 7.7 36.4 13:09 ENE
23 19.0 20.6 00:00 16.7 05:47 0.2 0.9 13.8 1.5 19.3 00:12 E
24 21.1 27.1 17:25 17.5 23:41 0.1 2.9 0.2 1.5 21.4 15:04 NNW
25 21.9 28.2 16:58 14.8 06:09 0.7 4.3 3.6 5.2 30.0 21:28 SE
26 19.4 23.1 13:12 17.5 02:51 0.2 1.3 28.8 4.0 36.4 13:45 SSE
27 17.4 20.3 11:47 15.5 23:53 1.0 0.2 0.2 5.8 40.7 15:38 NW
28 17.3 23.5 15:22 10.7 23:58 2.3 1.3 0.0 2.7 27.8 11:44 NNW
29 18.1 25.6 16:09 8.0 05:58 3.0 2.8 0.2 3.5 25.7 12:23 SE
30 23.0 29.1 13:38 17.8 06:08 0.0 4.7 0.4 5.4 23.5 14:20 SE
----------------------------------------------------------------------------------
18.4 33.2 2 7.0 18 64.7 68.3 85.2 4.5 44.9 12 NE
Max >= 27.0 10
Max <= 0.0 0
Min <= 0.0 0
Min <= -18.0 0
Max Rain: 28.8 on day 26
Days of Rain: 12 (>= 0.2 mm) 7 (>= 2.0 mm) 1 (>= 20.0 mm)
Heat Base: 18.3 Cool Base: 18.3 Method: Integration