V/Λ SELECT: Month and Year
OR > Month
Monthly Climatological Summary for Jul 2023
Name: KomokaWeather City: Komoka State: ON Canada
Elevation: 817 ft Lat: N 42° 57' 36" Lon: W 081° 26' 17"
Temperature (°C), Rain (mm), Wind Speed (km/h)
Heat Cool Avg
Mean Deg Deg Wind Dom
Day Temp High Time Low Time Days Days Rain Speed High Time Dir
----------------------------------------------------------------------------------
01 24.0 29.4 12:30 17.8 05:53 0.0 5.7 17.0 1.4 19.3 01:09 S
02 21.7 23.9 15:49 20.4 02:24 0.0 3.4 7.4 2.4 19.3 10:55 ESE
03 22.1 27.1 16:56 18.6 23:59 0.0 3.8 37.4 2.9 23.5 12:03 ENE
04 23.7 31.3 17:01 15.8 06:07 0.4 5.8 0.0 1.4 23.5 17:34 WNW
05 24.0 30.4 13:09 17.1 06:08 0.1 5.8 0.0 3.3 27.8 16:18 SSE
06 22.2 27.9 10:21 18.7 02:03 0.0 3.9 35.2 1.8 36.4 11:46 NNW
07 19.4 23.8 17:24 13.2 23:58 0.9 2.0 0.0 2.5 34.2 14:23 NNW
08 16.1 20.6 11:52 11.7 04:32 2.5 0.3 9.0 1.8 17.1 17:23 E
09 18.9 24.7 17:11 14.4 23:59 1.1 1.7 0.0 1.7 19.3 17:16 N
10 20.8 29.1 16:36 11.4 05:40 1.8 4.3 0.0 2.0 23.5 14:34 W
11 21.1 29.3 14:09 14.8 05:53 0.7 3.5 11.6 2.6 30.0 13:16 W
12 18.6 25.3 14:14 12.8 06:13 1.5 1.8 4.0 1.4 17.1 09:02 NE
13 19.2 24.1 16:42 15.2 23:07 0.5 1.4 20.8 4.9 38.5 02:33 NNW
14 18.9 25.8 15:02 13.4 05:54 1.4 2.1 9.0 3.4 36.4 17:33 S
15 20.1 22.7 11:27 17.3 00:12 0.1 2.0 2.2 1.6 21.4 13:45 SSE
16 22.1 27.4 15:03 17.8 23:59 0.0 3.8 0.2 2.7 30.0 17:25 WNW
17 20.3 27.2 16:17 12.9 05:32 1.2 3.2 0.0 2.1 25.7 12:03 WNW
18 19.6 25.6 15:06 13.3 06:09 1.3 2.6 0.0 1.7 21.4 08:56 NNW
19 19.4 26.3 13:17 12.2 06:07 1.7 2.8 0.0 1.9 19.3 12:58 SE
20 19.9 29.0 14:21 14.7 03:45 1.2 2.8 12.0 3.3 59.9 17:06 S
21 20.1 24.4 15:47 15.9 23:23 0.3 2.1 0.0 4.4 36.4 14:33 NNW
22 20.0 27.4 16:56 11.8 06:05 1.7 3.4 0.0 1.0 21.4 15:16 NW
23 20.5 27.7 13:07 13.7 05:52 1.0 3.2 1.0 2.3 30.0 14:13 SSW
24 21.8 28.1 16:31 16.2 06:34 0.4 3.9 0.2 1.7 23.5 14:42 WNW
25 22.7 29.8 16:49 15.7 06:25 0.4 4.7 0.0 1.2 17.1 15:13 NNW
26 22.4 29.2 13:45 16.3 06:27 0.2 4.2 17.0 4.4 34.2 15:24 SSE
27 22.3 27.5 18:26 18.2 23:51 0.0 4.0 4.0 3.8 30.0 14:28 NNW
28 22.6 30.3 15:21 16.5 04:48 0.2 4.5 2.4 2.0 23.5 18:25 ESE
29 21.1 26.1 16:28 15.8 23:21 0.2 3.0 7.8 2.3 27.8 18:24 NNW
30 18.8 23.7 15:47 13.0 23:56 1.4 1.9 0.0 2.4 25.7 14:42 NNW
31 18.1 23.9 16:27 11.9 04:21 2.0 1.8 0.0 2.6 27.8 12:11 NNW
----------------------------------------------------------------------------------
20.7 31.3 4 11.4 10 24.3 99.4 198.2 2.4 59.9 20 NW
Max >= 27.0 17
Max <= 0.0 0
Min <= 0.0 0
Min <= -18.0 0
Max Rain: 37.4 on day 3
Days of Rain: 18 (>= 0.2 mm) 15 (>= 2.0 mm) 3 (>= 20.0 mm)
Heat Base: 18.3 Cool Base: 18.3 Method: Integration