V/Λ SELECT: Month and Year
OR > Month
Monthly Climatological Summary for Aug 2023
Name: KomokaWeather City: Komoka State: ON Canada
Elevation: 817 ft Lat: N 42° 57' 36" Lon: W 081° 26' 17"
Temperature (°C), Rain (mm), Wind Speed (km/h)
Heat Cool Avg
Mean Deg Deg Wind Dom
Day Temp High Time Low Time Days Days Rain Speed High Time Dir
----------------------------------------------------------------------------------
01 17.8 24.6 15:21 11.4 05:46 2.3 1.8 0.0 1.5 15.0 12:24 SSE
02 19.5 26.1 15:33 11.9 06:34 1.9 3.1 0.0 2.8 19.3 16:47 W
03 23.3 28.9 15:58 16.6 06:39 0.1 5.1 0.4 2.7 25.7 14:22 WNW
04 21.1 26.1 14:31 16.1 04:34 0.3 3.0 0.2 2.8 27.8 14:36 NNW
05 19.6 25.4 15:45 14.3 06:24 1.1 2.3 0.0 1.7 17.1 09:13 NNE
06 18.8 24.6 15:16 13.4 02:25 1.2 1.8 14.4 9.8 38.5 21:48 ENE
07 19.2 21.3 13:11 16.6 21:42 0.3 1.2 1.0 5.4 38.5 17:41 NW
08 19.8 25.6 16:27 15.1 03:38 0.9 2.5 0.0 5.1 32.1 11:27 NNW
09 21.1 28.7 14:44 15.3 01:10 0.8 3.6 5.6 2.1 25.7 14:35 NW
10 20.9 26.3 17:21 15.2 06:45 0.4 3.0 0.0 2.7 27.8 13:06 NNW
11 19.3 25.3 14:41 12.2 06:33 1.1 2.1 0.0 2.8 27.8 16:15 N
12 21.5 26.7 17:44 17.4 00:29 0.1 3.3 2.8 3.4 27.8 09:46 NNW
13 19.7 25.3 15:25 14.6 05:11 0.8 2.1 0.0 3.0 30.0 11:36 NNW
14 19.4 24.8 13:28 13.3 06:17 1.0 2.2 2.2 3.0 19.3 14:44 NE
15 17.2 19.2 11:56 16.1 19:32 1.1 0.1 31.6 6.0 32.1 09:39 E
16 20.2 26.6 15:55 14.8 06:33 0.9 2.8 0.0 1.5 21.4 18:46 NNW
17 19.3 25.9 14:46 13.9 05:49 1.1 2.1 12.4 4.7 44.9 17:11 N
18 15.5 20.3 17:17 10.3 23:55 2.9 0.1 0.4 6.3 42.8 09:49 NW
19 16.7 24.9 16:33 7.8 06:08 3.5 1.9 0.0 2.0 21.4 12:34 NNW
20 21.2 29.3 16:39 12.1 05:24 1.8 4.7 0.0 1.8 23.5 13:54 WNW
21 20.8 26.7 14:41 15.1 23:32 0.3 2.7 0.0 1.9 23.5 16:25 NNW
22 18.1 25.0 18:03 12.3 06:21 2.0 1.7 0.0 2.0 21.4 10:07 NNE
23 16.7 17.8 15:25 14.9 03:37 1.5 0.0 22.0 5.0 38.5 11:43 E
24 21.7 27.0 16:55 17.6 00:00 0.0 3.5 0.2 4.0 34.2 14:17 N
25 20.8 23.9 13:51 16.7 23:31 0.1 2.5 1.4 1.6 19.3 16:59 NNW
26 17.8 22.9 15:33 13.3 06:34 1.7 1.1 0.0 2.2 25.7 14:08 NNW
27 16.3 23.3 17:57 9.9 06:54 3.2 1.1 0.0 1.6 21.4 11:19 ENE
28 16.4 25.2 16:17 9.2 04:51 3.6 1.7 0.0 1.3 19.3 11:42 N
29 16.7 24.9 15:41 7.9 06:55 3.4 1.8 9.6 2.6 23.5 16:18 NNE
30 14.3 17.3 14:57 10.5 23:58 4.0 0.0 0.4 4.3 32.1 14:11 NNW
31 14.8 23.6 16:47 6.1 06:51 4.5 1.0 0.2 1.0 21.4 13:39 NE
----------------------------------------------------------------------------------
18.9 29.3 20 6.1 31 47.9 65.9 104.8 3.2 44.9 17 N
Max >= 27.0 4
Max <= 0.0 0
Min <= 0.0 0
Min <= -18.0 0
Max Rain: 31.6 on day 15
Days of Rain: 16 (>= 0.2 mm) 8 (>= 2.0 mm) 2 (>= 20.0 mm)
Heat Base: 18.3 Cool Base: 18.3 Method: Integration