V/Λ SELECT: Month and Year
OR > Month
Monthly Climatological Summary for Sep 2023
Name: KomokaWeather City: Komoka State: ON Canada
Elevation: 817 ft Lat: N 42° 57' 36" Lon: W 081° 26' 17"
Temperature (°C), Rain (mm), Wind Speed (km/h)
Heat Cool Avg
Mean Deg Deg Wind Dom
Day Temp High Time Low Time Days Days Rain Speed High Time Dir
----------------------------------------------------------------------------------
01 15.9 23.6 13:39 8.8 06:34 3.8 1.4 0.0 2.5 23.5 15:31 NNE
02 17.3 25.3 13:22 9.8 05:01 3.0 2.1 0.0 1.7 23.5 11:35 NW
03 21.6 29.2 16:15 13.4 07:18 1.3 4.6 0.0 2.0 21.4 16:18 WNW
04 23.8 31.8 15:08 15.4 07:02 0.4 5.9 0.0 2.3 30.0 16:01 WNW
05 24.3 31.8 13:40 17.2 06:41 0.1 6.0 0.0 1.9 21.4 15:11 SSW
06 23.0 29.4 13:19 18.5 07:12 0.0 4.7 0.0 2.8 36.4 13:50 S
07 21.0 27.1 14:54 15.5 23:56 0.3 2.9 6.6 2.6 27.8 17:43 NNW
08 16.2 19.3 13:56 14.1 23:38 2.1 0.0 0.0 0.8 17.1 08:28 NNW
09 16.1 19.8 15:38 13.7 01:51 2.3 0.2 0.0 0.5 10.7 09:56 NE
10 18.1 21.8 15:52 15.8 04:31 1.0 0.8 0.0 0.5 12.8 11:51 NNE
11 18.9 24.8 15:39 13.4 07:16 1.1 1.7 0.0 0.8 15.0 15:03 N
12 17.8 21.4 17:23 14.4 23:55 0.9 0.4 6.2 2.9 25.7 11:58 NW
13 14.2 19.0 13:59 8.1 23:28 4.1 0.0 0.2 2.0 25.7 13:44 NNW
14 12.8 21.0 14:43 6.8 07:02 5.7 0.3 0.0 0.8 19.3 16:18 NNW
15 13.2 22.4 17:24 4.8 07:05 6.0 0.8 0.0 0.8 17.1 13:32 NE
16 14.0 22.8 15:29 5.6 07:11 5.2 0.9 0.0 0.9 15.0 13:37 N
17 15.4 22.7 12:06 12.2 02:15 3.4 0.5 5.4 0.1 17.1 21:48 NNW
18 14.2 20.4 13:52 9.6 23:39 4.2 0.1 0.4 2.5 32.1 15:30 NNW
19 12.8 20.9 16:24 5.8 06:35 5.7 0.3 0.0 1.8 25.7 13:42 NW
20 14.5 22.3 14:25 6.2 04:53 4.5 0.7 0.0 1.8 21.4 16:33 SSE
21 18.3 26.2 14:33 12.8 04:48 1.9 1.9 0.4 1.8 15.0 12:22 SSE
22 17.9 24.8 15:41 13.0 20:35 2.0 1.6 0.0 4.0 25.7 15:41 E
23 16.0 22.3 15:16 10.3 07:33 3.1 0.9 0.0 7.0 34.2 14:58 ENE
24 16.9 23.1 15:16 11.7 06:57 2.3 0.9 0.0 9.5 44.9 13:48 ENE
25 17.8 22.2 14:04 14.8 06:33 1.3 0.8 4.4 6.3 27.8 10:33 ENE
26 16.4 19.5 14:06 14.5 07:26 1.9 0.0 0.4 11.9 38.5 12:12 E
27 16.4 20.2 16:12 14.6 02:15 2.0 0.1 0.0 10.7 32.1 08:54 E
28 14.8 17.3 15:08 12.9 03:55 3.5 0.0 0.2 6.7 30.0 11:34 E
29 16.7 23.1 13:49 12.2 23:38 2.4 0.7 0.0 1.2 23.5 13:16 ENE
30 16.4 25.9 16:52 9.0 07:31 3.6 1.7 0.0 0.8 19.3 11:57 E
----------------------------------------------------------------------------------
17.1 31.8 4 4.8 15 79.3 43.0 24.2 3.1 44.9 24 ENE
Max >= 27.0 5
Max <= 0.0 0
Min <= 0.0 0
Min <= -18.0 0
Max Rain: 6.6 on day 7
Days of Rain: 9 (>= 0.2 mm) 4 (>= 2.0 mm) 0 (>= 20.0 mm)
Heat Base: 18.3 Cool Base: 18.3 Method: Integration