V/Λ SELECT: Month and Year
OR > Month
Monthly Climatological Summary for Oct 2023
Name: KomokaWeather City: Komoka State: ON Canada
Elevation: 817 ft Lat: N 42° 57' 36" Lon: W 081° 26' 17"
Temperature (°C), Rain (mm), Wind Speed (km/h)
Heat Cool Avg
Mean Deg Deg Wind Dom
Day Temp High Time Low Time Days Days Rain Speed High Time Dir
----------------------------------------------------------------------------------
01 17.6 26.4 16:34 10.6 04:10 2.9 2.2 0.0 0.1 12.8 13:19 NW
02 19.4 28.5 14:40 13.9 07:30 1.7 2.7 0.0 0.5 17.1 14:25 NW
03 19.0 28.4 14:20 11.6 06:10 2.3 3.0 0.0 2.0 19.3 13:55 SSE
04 20.1 28.8 14:07 13.1 05:50 1.5 3.2 0.0 3.2 25.7 13:04 SSE
05 19.0 23.4 12:59 15.6 03:40 0.6 1.3 6.6 2.2 27.8 13:09 SSW
06 16.1 21.6 14:28 9.4 21:34 2.6 0.4 4.2 3.5 40.7 15:30 WNW
07 9.6 12.6 12:54 7.1 06:21 8.6 0.0 2.8 7.6 40.7 17:40 NW
08 8.7 12.1 17:37 5.2 23:44 9.6 0.0 0.0 11.9 44.9 12:38 NW
09 7.3 11.9 15:42 3.2 06:56 11.0 0.0 0.0 7.3 36.4 10:44 WNW
10 8.1 11.9 12:01 5.9 07:16 10.2 0.0 4.4 2.9 36.4 10:24 WNW
11 8.9 12.9 13:44 5.7 03:52 9.4 0.0 0.4 1.9 19.3 12:34 WNW
12 10.7 18.1 14:44 4.8 06:21 7.6 0.0 0.0 1.1 23.5 14:57 NE
13 9.0 12.8 13:22 4.9 02:02 9.3 0.0 0.4 2.3 19.3 21:14 E
14 9.5 12.3 16:58 7.8 23:58 8.7 0.0 0.4 8.4 42.8 10:04 ENE
15 8.1 11.3 11:24 6.1 05:08 10.2 0.0 0.2 1.5 30.0 12:44 NNW
16 9.0 12.9 13:11 6.6 01:25 9.3 0.0 0.2 0.8 23.5 19:28 NNW
17 8.9 11.9 16:17 5.2 23:49 9.3 0.0 0.0 1.6 21.4 11:17 NW
18 9.6 16.2 13:27 4.4 04:31 8.7 0.0 0.0 2.3 25.7 12:30 SSW
19 11.4 16.8 13:03 4.4 05:56 6.9 0.0 15.6 5.0 34.2 11:51 S
20 12.2 14.8 12:22 10.4 23:56 6.0 0.0 3.4 1.3 17.1 00:00 NW
21 8.3 10.4 00:00 6.9 23:38 9.9 0.0 3.2 7.6 32.1 11:44 NW
22 5.4 9.6 13:17 -0.7 23:53 12.8 0.0 0.0 2.6 34.2 15:04 NNW
23 5.9 14.5 15:39 -2.3 06:22 12.4 0.0 0.0 2.5 21.4 14:16 SSW
24 15.7 24.2 15:19 7.1 04:52 3.6 1.0 0.0 4.0 27.8 17:19 SSW
25 16.9 20.6 12:38 13.3 21:02 1.7 0.3 13.8 2.2 23.5 10:33 WSW
26 17.1 21.8 15:36 13.8 00:01 1.7 0.5 16.4 3.4 23.5 04:58 SSW
27 19.4 24.2 15:00 16.6 08:32 0.3 1.4 1.2 4.2 27.8 14:14 WSW
28 10.2 18.5 02:54 5.1 23:26 8.1 0.0 1.2 1.9 23.5 03:14 NW
29 6.1 8.6 14:29 4.3 04:09 12.2 0.0 3.0 5.0 30.0 09:46 ENE
30 4.2 5.9 15:33 0.7 23:46 13.9 0.0 1.8 3.1 36.4 15:37 NW
31 0.8 5.8 12:42 -4.7 08:05 17.5 0.0 0.0 3.5 23.5 14:53 WNW
----------------------------------------------------------------------------------
11.4 28.8 4 -4.7 31 230.5 16.0 79.2 3.4 44.9 8 WNW
Max >= 27.0 3
Max <= 0.0 0
Min <= 0.0 3
Min <= -18.0 0
Max Rain: 16.4 on day 26
Days of Rain: 18 (>= 0.2 mm) 10 (>= 2.0 mm) 0 (>= 20.0 mm)
Heat Base: 18.3 Cool Base: 18.3 Method: Integration