V/Λ SELECT: Month and Year
OR > Month
Monthly Climatological Summary for Nov 2023
Name: KomokaWeather City: Komoka State: ON Canada
Elevation: 817 ft Lat: N 42° 57' 36" Lon: W 081° 26' 17"
Temperature (°C), Rain (mm), Wind Speed (km/h)
Heat Cool Avg
Mean Deg Deg Wind Dom
Day Temp High Time Low Time Days Days Rain Speed High Time Dir
----------------------------------------------------------------------------------
01 -0.2 4.1 14:55 -4.2 23:55 18.4 0.0 8.2 1.6 23.5 16:02 NW
02 2.9 7.4 15:03 -4.4 00:17 15.4 0.0 0.0 2.9 32.1 15:06 WSW
03 9.4 13.9 13:33 5.2 07:39 8.9 0.0 0.2 4.6 34.2 13:44 SW
04 8.5 12.6 14:49 5.4 23:57 9.8 0.0 3.2 0.4 30.0 00:04 WNW
05 6.4 12.1 12:17 1.2 07:15 12.3 0.0 0.0 0.9 15.0 15:27 NNW
06 10.3 14.9 17:26 2.9 02:20 8.0 0.0 0.2 5.1 44.9 13:59 SSW
07 6.9 12.8 00:00 -1.3 23:57 11.4 0.0 0.2 5.6 44.9 08:54 NW
08 -0.4 2.3 23:11 -3.3 04:31 18.7 0.0 8.6 7.4 36.4 09:08 E
09 6.1 11.4 14:15 1.8 00:02 12.1 0.0 0.6 8.1 38.5 09:08 NW
10 5.7 10.8 12:27 -0.6 05:11 12.6 0.0 0.0 2.3 23.5 13:01 NNW
11 3.3 7.9 14:23 -2.2 22:21 15.0 0.0 0.4 0.6 15.0 01:34 NNW
12 1.6 8.6 13:35 -4.8 05:46 16.6 0.0 0.0 3.1 21.4 11:59 SE
13 7.0 13.8 13:46 1.1 00:25 11.2 0.0 0.0 4.6 42.8 14:03 NW
14 5.6 11.1 12:00 -1.8 23:37 12.7 0.0 0.0 1.3 17.1 02:48 W
15 6.1 15.1 13:51 -1.9 04:31 12.2 0.0 0.0 2.1 23.5 11:12 WSW
16 6.9 15.2 13:37 -2.0 06:36 11.4 0.0 0.0 2.9 19.3 11:29 S
17 7.7 14.2 05:03 -1.9 22:01 10.5 0.0 1.0 3.4 34.2 11:21 WNW
18 2.0 7.8 14:00 -4.1 07:15 16.2 0.0 0.0 2.3 27.8 12:47 WNW
19 1.7 8.6 11:53 -4.2 23:31 16.5 0.0 0.0 2.8 27.8 11:27 NNW
20 -1.5 2.5 12:43 -6.3 03:40 19.8 0.0 0.0 9.3 40.7 21:36 NE
21 3.5 8.3 23:45 -0.7 00:45 14.8 0.0 8.8 11.6 34.2 03:22 NE
22 4.8 8.3 00:00 2.5 23:17 13.5 0.0 1.8 4.1 25.7 04:08 NNW
23 3.0 5.5 14:33 0.3 23:50 15.3 0.0 0.0 2.5 30.0 11:04 N
24 -0.9 0.8 09:42 -1.8 23:51 19.2 0.0 0.0 5.1 30.0 11:51 NNW
25 -1.4 2.9 13:55 -6.0 07:38 19.7 0.0 0.0 2.0 19.3 11:27 NW
26 0.4 5.9 12:31 -5.2 06:42 17.8 0.0 7.8 4.3 25.7 13:19 SSW
27 -1.6 0.6 04:36 -5.6 22:28 19.9 0.0 0.2 11.0 53.5 12:05 WNW
28 -4.9 -2.7 14:53 -6.4 22:38 23.2 0.0 0.0 10.6 47.1 10:56 WNW
29 -3.8 -1.1 16:30 -7.4 04:34 22.1 0.0 0.0 4.3 32.1 13:23 WSW
30 2.9 9.4 12:50 -6.8 03:14 15.4 0.0 0.0 4.0 30.0 13:02 SW
----------------------------------------------------------------------------------
3.3 15.2 16 -7.4 29 450.6 0.0 41.2 4.4 53.5 27 NW
Max >= 27.0 0
Max <= 0.0 2
Min <= 0.0 22
Min <= -18.0 0
Max Rain: 8.8 on day 21
Days of Rain: 13 (>= 0.2 mm) 5 (>= 2.0 mm) 0 (>= 20.0 mm)
Heat Base: 18.3 Cool Base: 18.3 Method: Integration