V/Λ SELECT: Month and Year
OR > Month
Monthly Climatological Summary for Dec 2023
Name: KomokaWeather City: Komoka State: ON Canada
Elevation: 817 ft Lat: N 42° 57' 36" Lon: W 081° 26' 17"
Temperature (°C), Rain (mm), Wind Speed (km/h)
Heat Cool Avg
Mean Deg Deg Wind Dom
Day Temp High Time Low Time Days Days Rain Speed High Time Dir
----------------------------------------------------------------------------------
01 4.5 7.6 00:00 1.9 23:20 13.6 0.0 15.4 2.9 23.5 21:20 ENE
02 2.8 4.2 14:26 1.9 00:00 15.5 0.0 2.4 2.4 19.3 18:13 E
03 2.7 3.6 15:56 1.7 08:08 15.5 0.0 7.8 6.5 30.0 21:23 E
04 1.9 2.9 00:00 0.3 21:52 16.4 0.0 0.8 5.6 27.8 01:40 NW
05 0.1 1.3 13:04 -0.7 23:54 18.2 0.0 0.0 1.1 17.1 01:04 WNW
06 0.0 3.5 11:40 -2.7 20:17 18.3 0.0 0.0 1.1 17.1 14:09 NW
07 2.0 5.7 14:38 -2.4 23:52 16.3 0.0 0.0 3.1 25.7 04:11 W
08 6.4 11.4 23:59 -2.4 00:26 11.9 0.0 0.0 5.4 30.0 13:44 S
09 10.8 11.9 13:56 8.4 08:53 7.5 0.0 2.8 8.4 38.5 11:20 SSW
10 4.0 8.4 00:00 1.5 23:57 14.3 0.0 0.2 4.5 23.5 00:54 NW
11 -0.2 1.6 00:02 -0.9 20:15 18.5 0.0 0.0 7.7 40.7 10:33 NW
12 0.5 4.9 14:44 -2.8 04:19 17.8 0.0 1.2 7.6 38.5 13:36 WNW
13 -2.7 1.7 12:15 -7.8 23:18 20.9 0.0 0.0 4.8 32.1 13:12 NNW
14 -0.5 6.8 14:15 -7.9 01:15 18.8 0.0 0.0 2.7 23.5 14:44 W
15 4.1 11.1 14:05 -0.2 23:41 14.2 0.0 0.0 3.4 23.5 10:16 WNW
16 4.3 9.2 12:58 -0.5 00:30 13.9 0.0 0.0 6.4 25.7 12:05 ESE
17 6.2 7.8 03:14 5.2 10:03 12.1 0.0 10.8 8.4 34.2 06:52 SSE
18 1.7 5.2 00:00 -2.3 23:52 16.6 0.0 6.6 7.1 38.5 16:16 NW
19 -3.5 -1.7 12:19 -7.0 19:01 21.7 0.0 0.6 6.3 32.1 03:25 NW
20 -0.5 3.0 11:46 -3.6 00:09 18.7 0.0 4.0 2.2 19.3 04:02 WSW
21 -0.5 1.5 11:51 -2.9 23:55 18.8 0.0 0.4 10.8 36.4 09:39 E
22 -0.7 1.2 14:25 -3.4 01:54 18.9 0.0 0.0 8.2 21.4 02:55 ESE
23 3.0 4.4 15:44 1.1 00:01 15.3 0.0 9.6 3.0 21.4 10:59 SE
24 4.8 5.8 13:17 3.7 06:08 13.4 0.0 0.2 3.1 17.1 19:44 SE
25 6.5 10.3 13:16 4.7 04:26 11.7 0.0 0.0 7.5 23.5 13:55 E
26 8.4 10.1 14:50 6.7 00:00 9.9 0.0 1.8 7.0 21.4 04:42 SE
27 8.4 9.3 00:05 7.4 22:42 9.9 0.0 31.8 2.9 27.8 15:01 E
28 6.8 8.1 14:57 5.4 21:42 11.5 0.0 4.2 2.5 17.1 23:39 SE
29 3.4 5.5 00:00 2.1 09:52 14.8 0.0 1.4 2.9 19.3 00:47 W
30 1.1 3.8 10:09 -0.9 08:09 17.2 0.0 0.0 2.9 19.3 03:41 NNW
31 0.8 1.6 11:20 0.2 01:18 17.5 0.0 3.8 1.6 15.0 23:17 SSW
----------------------------------------------------------------------------------
2.8 11.9 9 -7.9 14 479.7 0.0 105.8 4.8 40.7 11 ESE
Max >= 27.0 0
Max <= 0.0 1
Min <= 0.0 16
Min <= -18.0 0
Max Rain: 31.8 on day 27
Days of Rain: 19 (>= 0.2 mm) 11 (>= 2.0 mm) 1 (>= 20.0 mm)
Heat Base: 18.3 Cool Base: 18.3 Method: Integration