V/Λ SELECT: Month and Year
OR > Month
Monthly Climatological Summary for Jan 2024
Name: KomokaWeather City: Komoka State: ON Canada
Elevation: 817 ft Lat: N 42° 57' 36" Lon: W 081° 26' 17"
Temperature (°C), Rain (mm), Wind Speed (km/h)
Heat Cool Avg
Mean Deg Deg Wind Dom
Day Temp High Time Low Time Days Days Rain Speed High Time Dir
----------------------------------------------------------------------------------
01 -1.2 0.7 12:12 -2.9 23:52 19.4 0.0 0.0 4.7 23.5 17:45 N
02 -1.4 -0.2 12:09 -2.9 00:00 19.7 0.0 0.0 6.5 38.5 06:57 W
03 -0.4 0.2 12:04 -1.2 23:55 18.6 0.0 0.4 3.2 21.4 00:26 WNW
04 -3.5 -1.2 00:00 -5.2 23:55 21.7 0.0 0.0 4.8 25.7 05:46 NNW
05 -3.4 -1.5 15:11 -6.1 02:05 21.7 0.0 0.0 2.6 19.3 09:50 WSW
06 -1.6 -0.4 15:30 -2.7 02:25 19.9 0.0 0.0 7.9 34.2 10:07 E
07 -0.3 1.0 13:04 -1.4 01:49 18.6 0.0 0.0 2.5 19.3 19:44 NW
08 0.7 3.2 14:16 -0.3 19:03 17.6 0.0 0.2 2.3 27.8 22:31 ESE
09 2.4 6.2 22:16 0.2 07:06 15.9 0.0 25.4 13.9 40.7 10:53 NE
10 0.5 5.1 00:00 -1.6 10:05 17.8 0.0 1.4 9.9 47.1 00:57 WNW
11 0.3 1.3 13:45 -0.7 07:59 18.0 0.0 3.8 2.5 21.4 14:02 W
12 0.5 4.6 23:53 -2.9 05:23 17.8 0.0 17.6 12.9 59.9 16:46 NNE
13 -2.7 4.5 00:00 -4.8 23:58 15.2 0.0 0.4 12.4 55.7 17:18 WNW
14 -11.3 -4.8 00:00 -15.8 23:25 29.6 0.0 0.0 9.7 49.2 07:37 W
15 -14.2 -10.2 13:47 -18.3 05:39 32.5 0.0 0.0 4.5 30.0 10:22 W
16 -12.5 -9.6 12:54 -16.7 23:58 30.8 0.0 0.0 5.2 34.2 13:59 W
17 -13.1 -10.2 23:58 -16.8 00:22 31.4 0.0 0.0 7.2 38.5 15:19 WSW
18 -6.5 -2.9 13:04 -10.2 00:00 24.8 0.0 0.6 2.8 21.4 00:06 WNW
19 -9.2 -6.6 13:09 -14.9 20:46 27.5 0.0 0.0 2.3 25.7 10:06 NNE
20 -10.2 -6.8 14:08 -14.9 02:11 28.4 0.0 0.0 6.2 32.1 18:32 NW
21 -6.6 -3.3 14:24 -10.0 23:58 24.8 0.0 0.4 6.6 32.1 06:29 WNW
22 -6.3 -0.9 23:39 -15.6 05:36 24.5 0.0 0.0 4.3 30.0 09:43 SW
23 0.1 1.1 21:29 -0.9 00:00 18.2 0.0 3.8 4.7 19.3 14:29 SE
24 1.8 3.4 14:25 0.6 02:59 16.5 0.0 23.4 1.8 12.8 11:07 SE
25 2.8 5.1 14:09 1.6 03:32 15.5 0.0 0.4 4.3 27.8 18:43 E
26 3.4 7.3 13:19 0.9 22:54 14.8 0.0 26.2 4.7 49.2 05:08 ENE
27 1.3 4.4 12:02 0.4 19:29 17.0 0.0 0.0 2.8 21.4 19:53 ENE
28 1.2 2.2 16:32 0.6 03:59 17.1 0.0 2.4 6.3 30.0 02:42 NE
29 0.3 1.9 13:36 -1.1 22:01 17.9 0.0 1.0 4.3 25.7 22:48 WNW
30 0.4 1.7 15:33 -0.6 00:00 17.9 0.0 0.6 8.5 32.1 02:02 S
31 0.8 1.8 23:43 0.3 00:46 17.4 0.0 0.0 2.8 27.8 23:16 WSW
----------------------------------------------------------------------------------
-2.8 7.3 26 -18.3 15 648.5 0.0 108.0 5.6 59.9 12 NW
Max >= 27.0 0
Max <= 0.0 13
Min <= 0.0 24
Min <= -18.0 1
Max Rain: 26.2 on day 26
Days of Rain: 16 (>= 0.2 mm) 7 (>= 2.0 mm) 3 (>= 20.0 mm)
Heat Base: 18.3 Cool Base: 18.3 Method: Integration