V/Λ SELECT: Month and Year
OR > Month
Monthly Climatological Summary for Feb 2024
Name: KomokaWeather City: Komoka State: ON Canada
Elevation: 817 ft Lat: N 42° 57' 36" Lon: W 081° 26' 17"
Temperature (°C), Rain (mm), Wind Speed (km/h)
Heat Cool Avg
Mean Deg Deg Wind Dom
Day Temp High Time Low Time Days Days Rain Speed High Time Dir
----------------------------------------------------------------------------------
01 2.3 3.1 16:02 1.3 04:29 16.0 0.0 0.2 3.5 36.4 01:23 WNW
02 -0.2 2.6 00:00 -1.7 21:07 18.5 0.0 0.0 3.0 21.4 00:11 NNE
03 -0.8 3.7 14:12 -4.8 23:54 19.1 0.0 0.0 1.0 17.1 13:51 N
04 -1.9 5.1 14:28 -7.3 06:17 20.2 0.0 0.0 1.9 21.4 15:36 NNW
05 -0.6 3.5 11:00 -3.6 23:34 18.9 0.0 0.0 2.9 21.4 12:41 ENE
06 -1.2 5.2 14:37 -6.2 07:46 19.5 0.0 0.0 1.9 23.5 14:58 SE
07 0.4 8.4 14:08 -5.0 05:57 17.9 0.0 0.0 3.2 25.7 15:19 SSE
08 4.7 12.1 15:37 -2.6 00:00 13.6 0.0 0.2 6.3 34.2 15:11 SSE
09 11.3 15.3 14:14 7.8 07:36 7.0 0.0 0.0 7.0 40.7 12:17 SW
10 5.3 10.7 00:00 1.0 23:44 13.0 0.0 0.0 6.6 32.1 11:10 NW
11 0.2 1.3 15:19 -0.8 21:27 18.1 0.0 0.0 2.8 21.4 02:35 NNW
12 -0.1 5.9 14:59 -5.7 23:58 18.4 0.0 0.0 1.9 25.7 13:55 W
13 -1.4 3.7 11:31 -6.1 02:07 19.7 0.0 0.0 5.2 34.2 11:45 NNW
14 -3.9 0.8 13:32 -8.3 23:38 22.2 0.0 0.2 2.6 32.1 13:38 NNW
15 -2.2 1.3 18:30 -8.4 01:28 20.5 0.0 0.2 12.3 55.7 16:42 WSW
16 -3.4 -1.8 00:00 -4.8 23:03 21.7 0.0 0.0 6.4 42.8 02:04 NW
17 -6.0 -3.4 11:44 -8.5 07:14 24.3 0.0 0.0 6.0 38.5 23:04 WNW
18 -4.2 -0.7 16:39 -8.3 04:25 22.5 0.0 0.0 9.9 57.8 01:03 W
19 -5.1 3.1 14:30 -14.0 07:28 23.4 0.0 0.4 3.0 25.7 15:49 SSE
20 -2.0 5.8 14:51 -9.2 05:46 20.3 0.0 0.0 4.9 30.0 13:45 SSE
21 4.7 11.2 16:02 -4.6 01:42 13.6 0.0 0.0 6.3 34.2 16:36 S
22 5.2 11.9 15:47 -2.3 23:59 13.1 0.0 0.0 1.1 17.1 18:14 SSE
23 -0.6 7.9 11:49 -6.9 23:52 18.9 0.0 0.0 4.8 34.2 15:48 N
24 -6.7 -1.6 14:49 -11.3 07:06 25.0 0.0 0.0 4.0 30.0 01:27 N
25 0.3 4.8 12:56 -6.5 00:00 18.0 0.0 0.0 8.5 49.2 14:17 SSW
26 4.7 12.1 14:26 -3.4 06:16 13.5 0.0 0.0 5.9 25.7 11:11 SE
27 10.2 16.8 14:41 4.2 01:36 8.1 0.0 0.8 8.5 36.4 15:42 SSE
28 3.1 14.8 09:28 -5.8 20:42 15.1 0.0 0.0 12.8 55.7 17:38 WNW
29 -4.7 -0.7 15:41 -8.1 06:55 22.9 0.0 0.0 7.6 40.7 15:48 NW
----------------------------------------------------------------------------------
0.3 16.8 27 -14.0 19 523.0 0.0 2.0 5.2 57.8 18 W
Max >= 27.0 0
Max <= 0.0 5
Min <= 0.0 25
Min <= -18.0 0
Max Rain: 0.8 on day 27
Days of Rain: 6 (>= 0.2 mm) 0 (>= 2.0 mm) 0 (>= 20.0 mm)
Heat Base: 18.3 Cool Base: 18.3 Method: Integration