V/Λ SELECT: Month and Year
OR > Month
Monthly Climatological Summary for Mar 2024
Name: KomokaWeather City: Komoka State: ON Canada
Elevation: 817 ft Lat: N 42° 57' 36" Lon: W 081° 26' 17"
Temperature (°C), Rain (mm), Wind Speed (km/h)
Heat Cool Avg
Mean Deg Deg Wind Dom
Day Temp High Time Low Time Days Days Rain Speed High Time Dir
----------------------------------------------------------------------------------
01 1.0 8.8 14:40 -7.2 01:22 17.3 0.0 0.0 5.2 32.1 12:47 SSE
02 4.8 8.2 14:44 2.8 00:09 13.5 0.0 0.6 1.8 12.8 13:08 S
03 5.5 10.5 15:35 -0.9 04:08 12.8 0.0 0.0 7.1 32.1 17:44 SE
04 12.0 19.8 14:12 4.7 04:45 6.4 0.1 0.0 7.8 34.2 13:41 SSE
05 9.3 14.6 09:42 4.3 21:07 8.9 0.0 4.2 4.7 23.5 15:25 SSE
06 6.0 9.6 12:39 3.9 07:09 12.2 0.0 0.0 2.7 21.4 17:17 NNE
07 6.7 13.1 14:35 1.2 07:08 11.6 0.0 0.0 7.6 32.1 15:12 E
08 8.1 15.1 13:47 3.3 04:11 10.2 0.0 10.4 9.8 34.2 01:01 SE
09 6.6 10.8 09:48 2.1 23:47 11.7 0.0 20.8 9.5 36.4 02:46 W
10 -0.9 2.1 00:00 -2.1 09:21 18.4 0.0 4.0 11.1 49.2 13:44 NNW
11 2.6 9.9 17:58 -3.1 07:52 15.7 0.0 5.2 6.2 32.1 00:41 NW
12 10.3 17.4 14:56 1.3 08:08 8.0 0.0 0.0 4.0 23.5 15:55 SW
13 12.2 18.2 14:40 2.2 23:47 6.1 0.0 0.0 3.7 23.5 03:12 WNW
14 7.3 13.8 13:09 1.5 02:55 11.0 0.0 13.0 4.8 25.7 17:30 ESE
15 3.9 6.7 12:23 -2.3 23:59 14.3 0.0 0.2 4.4 27.8 21:24 N
16 4.7 11.9 13:01 -3.2 02:41 13.6 0.0 3.8 5.7 38.5 14:31 WSW
17 1.9 4.3 12:54 -1.7 23:57 16.4 0.0 0.4 6.5 32.1 09:18 NW
18 -1.8 0.9 14:35 -3.5 08:07 20.1 0.0 0.2 8.4 32.1 14:39 NW
19 0.0 2.8 21:32 -2.3 07:00 18.3 0.0 0.0 6.7 38.5 02:07 W
20 -1.6 2.1 00:00 -5.2 20:30 19.9 0.0 0.0 9.2 49.2 14:58 NNW
21 -4.3 -0.4 17:27 -6.8 23:36 22.5 0.0 0.0 6.8 30.0 05:45 NNW
22 -4.9 -2.1 13:17 -7.9 03:26 20.9 0.0 0.0 8.7 34.2 12:01 E
23 -3.0 2.0 14:52 -8.4 07:50 21.3 0.0 0.4 4.2 36.4 14:26 N
24 -2.5 3.6 16:23 -9.6 06:19 20.7 0.0 0.0 6.7 34.2 20:58 ESE
25 6.3 15.0 16:49 -0.8 05:12 12.0 0.0 0.0 15.1 40.7 12:39 SE
26 8.1 10.3 15:32 4.7 09:13 10.1 0.0 13.4 15.9 55.7 13:44 SSE
27 4.1 9.2 00:00 1.2 23:59 14.2 0.0 2.4 4.3 27.8 10:31 W
28 2.2 8.6 15:16 -5.2 07:01 16.0 0.0 0.0 3.7 32.1 17:09 W
29 1.9 8.2 16:19 -3.4 06:51 16.4 0.0 0.0 3.7 34.2 15:02 NNW
30 1.5 5.3 12:59 -4.1 02:12 16.7 0.0 3.0 3.2 23.5 11:11 ESE
31 3.7 8.9 16:55 1.2 08:19 14.6 0.0 0.0 2.1 15.0 10:54 N
----------------------------------------------------------------------------------
3.6 19.8 4 -9.6 24 451.9 0.1 82.0 6.5 55.7 26 SSE
Max >= 27.0 0
Max <= 0.0 2
Min <= 0.0 18
Min <= -18.0 0
Max Rain: 20.8 on day 9
Days of Rain: 15 (>= 0.2 mm) 10 (>= 2.0 mm) 1 (>= 20.0 mm)
Heat Base: 18.3 Cool Base: 18.3 Method: Integration