NOAA-Style Climate Reports
Select a Year or Month report
2024: Jan Feb Mar Apr May Jun Jul Aug Sep Oct Nov Dec
2023: Jan Feb Mar Apr May Jun Jul Aug Sep Oct Nov Dec
2022: Jan Feb Mar Apr May Jun Jul Aug Sep Oct Nov Dec
2021: Jan Feb Mar Apr May Jun Jul Aug Sep Oct Nov Dec
2020: Jan Feb Mar Apr May Jun Jul Aug Sep Oct Nov Dec
2019: Jan Feb Mar Apr May Jun Jul Aug Sep Oct Nov Dec
2018: Jan Feb Mar Apr May Jun Jul Aug Sep Oct Nov Dec
2017: Jan Feb Mar Apr May Jun Jul Aug Sep Oct Nov Dec
2016: Jan Feb Mar Apr May Jun Jul Aug Sep Oct Nov Dec
2015: Jan Feb Mar Apr May Jun Jul Aug Sep Oct Nov Dec
2014: Jan Feb Mar Apr May Jun Jul Aug Sep Oct Nov Dec
2013: Jan Feb Mar Apr May Jun Jul Aug Sep Oct Nov Dec
2012: Jan Feb Mar Apr May Jun Jul Aug Sep Oct Nov Dec
2011: Jan Feb Mar Apr May Jun Jul Aug Sep Oct Nov Dec
2010: Jan Feb Mar Apr May Jun Jul Aug Sep Oct Nov Dec
2009: Jan Feb Mar Apr May Jun Jul Aug Sep Oct Nov Dec
2008: Jan Feb Mar Apr May Jun Jul Aug Sep Oct Nov Dec
2024: Jan Feb Mar Apr May Jun Jul Aug Sep Oct Nov Dec
2023: Jan Feb Mar Apr May Jun Jul Aug Sep Oct Nov Dec
2022: Jan Feb Mar Apr May Jun Jul Aug Sep Oct Nov Dec
2021: Jan Feb Mar Apr May Jun Jul Aug Sep Oct Nov Dec
2020: Jan Feb Mar Apr May Jun Jul Aug Sep Oct Nov Dec
2019: Jan Feb Mar Apr May Jun Jul Aug Sep Oct Nov Dec
2018: Jan Feb Mar Apr May Jun Jul Aug Sep Oct Nov Dec
2017: Jan Feb Mar Apr May Jun Jul Aug Sep Oct Nov Dec
2016: Jan Feb Mar Apr May Jun Jul Aug Sep Oct Nov Dec
2015: Jan Feb Mar Apr May Jun Jul Aug Sep Oct Nov Dec
2014: Jan Feb Mar Apr May Jun Jul Aug Sep Oct Nov Dec
2013: Jan Feb Mar Apr May Jun Jul Aug Sep Oct Nov Dec
2012: Jan Feb Mar Apr May Jun Jul Aug Sep Oct Nov Dec
2011: Jan Feb Mar Apr May Jun Jul Aug Sep Oct Nov Dec
2010: Jan Feb Mar Apr May Jun Jul Aug Sep Oct Nov Dec
2009: Jan Feb Mar Apr May Jun Jul Aug Sep Oct Nov Dec
2008: Jan Feb Mar Apr May Jun Jul Aug Sep Oct Nov Dec
Report for 2021 May
Monthly Climatological Summary for May 2021 Name: KomokaWeather City: Komoka State: Ontario Elevation: 817 ft Lat: N 42° 57' 36" Lon: W 081° 26' 18" Temperature (°C), Rain (mm), Wind Speed (km/h) Heat Cool Avg Mean Deg Deg Wind Dom Day Temp High Time Low Time Days Days Rain Speed High Time Dir ---------------------------------------------------------------------------------- 1 7.9 14.9 23:39 -1.9 06:14 10.4 0.0 0.0 4.9 34.2 15:28 N 2 20.1 27.1 16:56 14.2 01:13 1.1 2.9 0.0 5.3 34.2 16:21 N 3 13.3 19.3 00:00 9.9 23:52 5.0 0.0 7.4 3.2 25.7 22:36 N 4 9.8 15.9 13:28 6.8 20:02 8.5 0.0 3.4 4.2 34.2 20:58 N 5 6.4 8.8 15:31 2.7 23:31 11.8 0.0 0.0 6.8 36.4 16:32 N 6 6.7 13.0 13:35 -0.1 05:33 11.6 0.0 2.0 2.9 27.8 14:22 N 7 6.8 12.5 15:45 2.4 06:12 11.4 0.0 2.0 2.4 19.3 11:35 N 8 5.7 11.0 17:31 0.7 23:48 12.6 0.0 1.2 4.3 27.8 13:51 N 9 5.6 10.6 13:24 -1.1 04:03 12.7 0.0 0.0 1.9 23.5 12:49 N 10 6.8 12.7 15:42 0.7 04:03 11.5 0.0 0.0 4.4 27.8 10:45 N 11 5.4 10.3 16:45 1.2 06:05 12.9 0.0 0.0 5.0 34.2 12:44 N 12 9.1 16.2 14:34 1.4 00:25 9.2 0.0 0.0 4.8 40.7 13:42 N 13 10.7 18.4 14:36 0.7 06:23 7.6 0.0 0.0 3.7 32.1 13:09 N 14 12.0 22.4 17:11 1.0 06:29 6.9 0.6 0.0 2.0 27.8 16:21 NNW 15 13.1 22.8 14:36 2.8 06:33 6.1 0.9 0.0 2.0 25.7 16:17 N 16 13.7 21.2 16:42 5.6 02:27 4.9 0.3 0.0 1.6 19.3 02:29 N 17 14.8 24.2 17:02 4.4 05:56 5.0 1.5 0.0 1.6 19.3 14:27 N 18 16.6 26.4 14:49 6.1 05:47 4.2 2.5 0.0 1.4 15.0 12:45 N 19 19.0 27.6 14:12 8.0 05:32 3.0 3.7 0.0 1.7 23.5 15:21 N 20 22.0 30.4 16:51 15.2 02:21 0.7 4.4 0.0 1.3 21.4 12:47 S 21 22.9 31.3 15:06 14.2 04:18 1.0 5.6 0.0 3.1 36.4 17:08 WSW 22 20.5 26.9 18:01 15.2 03:53 0.5 2.8 3.6 3.1 32.1 12:35 NW 23 21.1 27.1 14:23 14.7 23:12 0.6 3.3 0.0 4.4 32.1 10:04 NNW 24 18.9 25.7 16:46 14.8 00:00 1.2 1.8 0.0 4.1 25.7 04:34 N 25 23.2 30.6 12:41 14.8 00:38 0.8 5.7 0.0 4.2 42.8 12:18 WSW 26 19.8 23.4 17:26 10.3 23:56 0.8 2.3 7.6 4.4 34.2 18:39 NNW 27 10.9 17.1 15:05 4.9 06:20 7.4 0.0 0.0 3.8 27.8 16:36 N 28 6.1 10.4 00:00 3.9 12:23 12.2 0.0 19.6 11.2 49.2 12:21 N 29 9.7 17.3 17:05 2.6 04:38 8.5 0.0 0.0 6.3 49.2 13:28 N 30 12.3 20.4 15:54 2.6 05:14 6.2 0.2 0.0 3.1 29.9 10:47 N 31 14.2 23.1 15:43 3.9 02:52 5.1 0.9 0.0 2.2 27.8 16:17 NNW ---------------------------------------------------------------------------------- 13.1 31.3 21 -1.9 1 201.4 39.4 46.8 3.7 49.2 28 N Max >= 10.0: 30 Max <= 20.0: 15 Min <= 0.0: 3 Min <= -10.0: 0 Max Rain: 19.6 on day 28 Days of Rain: 8 (>= 0.2 mm) 1 (>= 10.0 mm) 0 (>= 25.0 mm) Heat Base: 18.3 Cool Base: 18.3 Method: Integration