NOAA-Style Climate Reports
Select a Year or Month report
2024: Jan Feb Mar Apr May Jun Jul Aug Sep Oct Nov Dec
2023: Jan Feb Mar Apr May Jun Jul Aug Sep Oct Nov Dec
2022: Jan Feb Mar Apr May Jun Jul Aug Sep Oct Nov Dec
2021: Jan Feb Mar Apr May Jun Jul Aug Sep Oct Nov Dec
2020: Jan Feb Mar Apr May Jun Jul Aug Sep Oct Nov Dec
2019: Jan Feb Mar Apr May Jun Jul Aug Sep Oct Nov Dec
2018: Jan Feb Mar Apr May Jun Jul Aug Sep Oct Nov Dec
2017: Jan Feb Mar Apr May Jun Jul Aug Sep Oct Nov Dec
2016: Jan Feb Mar Apr May Jun Jul Aug Sep Oct Nov Dec
2015: Jan Feb Mar Apr May Jun Jul Aug Sep Oct Nov Dec
2014: Jan Feb Mar Apr May Jun Jul Aug Sep Oct Nov Dec
2013: Jan Feb Mar Apr May Jun Jul Aug Sep Oct Nov Dec
2012: Jan Feb Mar Apr May Jun Jul Aug Sep Oct Nov Dec
2011: Jan Feb Mar Apr May Jun Jul Aug Sep Oct Nov Dec
2010: Jan Feb Mar Apr May Jun Jul Aug Sep Oct Nov Dec
2009: Jan Feb Mar Apr May Jun Jul Aug Sep Oct Nov Dec
2008: Jan Feb Mar Apr May Jun Jul Aug Sep Oct Nov Dec
2024: Jan Feb Mar Apr May Jun Jul Aug Sep Oct Nov Dec
2023: Jan Feb Mar Apr May Jun Jul Aug Sep Oct Nov Dec
2022: Jan Feb Mar Apr May Jun Jul Aug Sep Oct Nov Dec
2021: Jan Feb Mar Apr May Jun Jul Aug Sep Oct Nov Dec
2020: Jan Feb Mar Apr May Jun Jul Aug Sep Oct Nov Dec
2019: Jan Feb Mar Apr May Jun Jul Aug Sep Oct Nov Dec
2018: Jan Feb Mar Apr May Jun Jul Aug Sep Oct Nov Dec
2017: Jan Feb Mar Apr May Jun Jul Aug Sep Oct Nov Dec
2016: Jan Feb Mar Apr May Jun Jul Aug Sep Oct Nov Dec
2015: Jan Feb Mar Apr May Jun Jul Aug Sep Oct Nov Dec
2014: Jan Feb Mar Apr May Jun Jul Aug Sep Oct Nov Dec
2013: Jan Feb Mar Apr May Jun Jul Aug Sep Oct Nov Dec
2012: Jan Feb Mar Apr May Jun Jul Aug Sep Oct Nov Dec
2011: Jan Feb Mar Apr May Jun Jul Aug Sep Oct Nov Dec
2010: Jan Feb Mar Apr May Jun Jul Aug Sep Oct Nov Dec
2009: Jan Feb Mar Apr May Jun Jul Aug Sep Oct Nov Dec
2008: Jan Feb Mar Apr May Jun Jul Aug Sep Oct Nov Dec
Report for 2022 August
Monthly Climatological Summary for Aug 2022 Name: KomokaWeather City: Komoka State: Ontario Elevation: 817 ft Lat: N 42° 57' 36" Lon: W 081° 26' 18" Temperature (°C), Rain (mm), Wind Speed (km/h) Heat Cool Avg Mean Deg Deg Wind Dom Day Temp High Time Low Time Days Days Rain Speed High Time Dir ---------------------------------------------------------------------------------- 1 21.4 27.2 12:13 15.0 03:39 0.8 3.9 8.2 2.5 34.2 19:31 NW 2 20.3 25.1 16:29 14.3 23:48 0.4 2.3 0.0 2.2 25.7 12:52 NNW 3 21.0 30.1 16:31 13.0 03:05 1.3 3.9 20.0 1.5 32.1 18:11 S 4 23.5 27.0 15:20 20.3 00:00 0.0 5.2 12.4 1.1 21.4 14:02 NNW 5 23.7 29.5 15:54 20.2 06:19 0.0 5.4 0.2 1.0 19.3 12:17 E 6 24.6 29.2 16:47 19.6 03:57 0.0 6.3 0.0 0.6 15.0 11:17 S 7 25.9 31.4 13:55 20.8 06:48 0.0 7.6 0.0 0.9 23.5 13:57 SW 8 23.3 28.3 16:02 17.9 23:43 0.0 5.0 14.4 2.0 27.8 10:46 NNW 9 19.4 23.5 14:05 15.0 22:59 0.6 1.7 0.0 1.8 27.8 14:07 NW 10 19.8 27.2 17:28 12.8 06:31 1.5 3.1 0.0 0.9 19.3 14:51 WNW 11 19.2 24.5 12:44 13.5 23:58 0.9 1.8 0.0 2.4 32.1 13:46 NW 12 18.0 25.3 14:35 10.9 23:58 2.5 2.2 0.0 1.1 27.8 15:34 N 13 17.1 24.4 15:20 8.6 03:38 3.1 1.9 0.0 1.0 19.3 17:01 NW 14 19.3 23.0 13:30 15.4 22:14 0.7 1.7 0.0 0.5 19.3 10:18 NNE 15 20.7 26.6 15:13 15.6 07:11 0.6 3.0 0.0 3.5 34.2 14:17 NE 16 19.4 27.1 15:30 13.4 06:23 1.2 2.3 1.2 2.0 21.4 14:13 ENE 17 19.8 27.9 16:52 15.3 00:00 1.0 2.5 0.2 0.9 32.1 17:34 NE 18 19.8 27.9 17:29 12.8 06:31 1.7 3.2 0.0 1.4 23.5 14:49 WNW 19 20.4 28.6 15:20 13.2 03:40 1.7 3.8 0.0 1.6 23.5 11:55 WSW 20 21.5 29.3 13:47 13.9 05:54 1.2 4.4 0.8 1.1 19.3 15:41 SE 21 20.0 24.6 16:46 17.5 06:57 0.1 1.7 13.8 0.3 15.0 12:50 NNE 22 20.6 26.3 14:50 17.6 00:08 0.0 2.3 8.4 1.4 23.5 15:03 NNW 23 21.2 26.8 17:20 15.7 23:58 0.4 3.3 0.0 1.6 21.4 11:14 NW 24 21.4 29.2 15:19 14.7 01:28 1.0 4.1 0.0 1.0 21.4 16:13 WNW 25 21.2 27.4 11:00 15.8 04:08 0.6 3.6 0.6 0.4 12.9 13:45 SSE 26 19.9 25.7 14:41 14.1 23:59 0.4 1.9 0.2 1.8 32.1 15:49 NNW 27 17.2 24.9 17:04 10.1 05:37 2.9 1.8 0.0 1.9 23.5 15:31 NE 28 19.8 28.2 14:43 10.9 02:20 2.2 3.7 0.0 1.4 21.4 15:31 SE 29 23.3 28.3 15:56 19.4 00:00 0.0 5.0 9.8 2.1 49.2 19:50 WSW 30 21.0 26.1 15:34 17.8 23:54 0.0 2.7 2.6 3.0 27.8 13:57 NW 31 20.1 26.7 16:57 13.8 06:29 1.2 2.9 0.0 4.8 38.6 14:58 WNW ---------------------------------------------------------------------------------- 20.8 31.4 7 8.6 13 28.0 104.2 92.8 1.6 49.2 29 NNW Max >= 10.0: 31 Max <= 20.0: 0 Min <= 0.0: 0 Min <= -10.0: 0 Max Rain: 20.0 on day 3 Days of Rain: 14 (>= 0.2 mm) 4 (>= 10.0 mm) 0 (>= 25.0 mm) Heat Base: 18.3 Cool Base: 18.3 Method: Integration